{"id":292,"date":"2018-05-03T15:20:57","date_gmt":"2018-05-03T13:20:57","guid":{"rendered":"http:\/\/www.dainst.blog\/bridging-eurasia\/?page_id=292"},"modified":"2020-12-01T11:43:28","modified_gmt":"2020-12-01T10:43:28","slug":"intro","status":"publish","type":"page","link":"https:\/\/www.dainst.blog\/bridging-eurasia\/intro\/","title":{"rendered":"Intro"},"content":{"rendered":"<p>\u201e<a href=\"https:\/\/www.geo.fu-berlin.de\/geol\/fachrichtungen\/pal\/news\/20200215_BridgingEurasia_Workshop.html\" target=\"_blank\" rel=\"noopener noreferrer\">Bridging Eurasia<\/a>\u201c ist eine Forschungsinitiative der Au\u00dfenstelle Peking und der Fachrichtung Pal\u00e4ontologie des Instituts f\u00fcr Geologische Wissenschaften der Freien Universit\u00e4t Berlin. Sie wurde <a href=\"https:\/\/www.geo.fu-berlin.de\/geol\/fachrichtungen\/pal\/ressourcen\/galerie\/2010\/workshop_eurasia\/index.html\" target=\"_blank\" rel=\"noopener noreferrer\">2010 in Berlin<\/a> mit einer internationalen Konferenz ins Leben gerufen. Die Forschungsinitiative verbindet informell eine internationale und multidisziplin\u00e4re Gruppe von WissenschaftlerInnen, die danach streben, hochaufgel\u00f6ste Daten der Arch\u00e4ologie Ostasiens und der Umweltwissenschaften zu korrelieren, um Kausalzusammenh\u00e4nge von Ver\u00e4nderungen zu finden.<\/p>\n<p>Workshops bieten eine Plattform f\u00fcr den Austausch von Ideen und Forschungsergebnissen. Aus ihnen sind bereits zwei Sonderb\u00e4nde der Zeitschrift \u201eQuaternary International\u201c und ein Band der Zeitschrift \u201eThe Holocene\u201c hervorgegangen:<\/p>\n<ul>\n<li>Spengler III, R.N., Tarasov, P.E., Wagner, M. (Eds.) (2016) Introduction and intensification of agriculture in Central Asia and adjacent regions. <em>The Holocene<\/em>\u00a0 Vol 26(10), 2016.<\/li>\n<li>Wagner, M., Jin, G., Tarasov, P.E. (Eds.) (2014) The Bridging Eurasia Research Initiative: Modes of mobility and sustainability in the palaeoenvironmental and archaeological archives from Eurasia. <em>Quaternary International<\/em> 348 (20 October 2014), 266 p.<\/li>\n<li>Tarasov, P., White, D., Weber, A.W. (Eds.) (2013) The Baikal-Hokkaido Archaeology Project: Environmental archives, proxies and reconstruction approaches. <em>Quaternary International<\/em>, Vol. 290\u2013291, 358 p.<\/li>\n<\/ul>\n<p>Die Forschungsinitiative Bridging Eurasia ist eng mit dem &#8222;Baikal Archaeology Project&#8220; (BAP) verkn\u00fcpft, welches arch\u00e4ologische Funde in der sibirischen Baikal See Region untersucht. Hier erfahren Sie mehr:<br \/>\n<a href=\"https:\/\/baikalproject.artsrn.ualberta.ca\/\" target=\"_blank\" rel=\"noopener noreferrer\">Baikal Archaeology Projekt<\/a><\/p>\n","protected":false},"excerpt":{"rendered":"<p>\u201eBridging Eurasia\u201c ist eine Forschungsinitiative der Au\u00dfenstelle Peking und der Fachrichtung Pal\u00e4ontologie des Instituts f\u00fcr Geologische Wissenschaften der Freien Universit\u00e4t Berlin. Sie wurde 2010 in Berlin mit einer internationalen Konferenz ins Leben gerufen. Die Forschungsinitiative verbindet informell eine internationale und multidisziplin\u00e4re Gruppe von WissenschaftlerInnen, die danach streben, hochaufgel\u00f6ste Daten der Arch\u00e4ologie Ostasiens und der Umweltwissenschaften zu korrelieren, um Kausalzusammenh\u00e4nge von <a class=\"more-link\" href=\"https:\/\/www.dainst.blog\/bridging-eurasia\/intro\/\">&#8230;weiterlesen<\/a><\/p>\n","protected":false},"author":1,"featured_media":0,"parent":0,"menu_order":0,"comment_status":"closed","ping_status":"closed","template":"","meta":{"footnotes":""},"class_list":["post-292","page","type-page","status-publish","hentry"],"_links":{"self":[{"href":"https:\/\/www.dainst.blog\/bridging-eurasia\/wp-json\/wp\/v2\/pages\/292"}],"collection":[{"href":"https:\/\/www.dainst.blog\/bridging-eurasia\/wp-json\/wp\/v2\/pages"}],"about":[{"href":"https:\/\/www.dainst.blog\/bridging-eurasia\/wp-json\/wp\/v2\/types\/page"}],"author":[{"embeddable":true,"href":"https:\/\/www.dainst.blog\/bridging-eurasia\/wp-json\/wp\/v2\/users\/1"}],"replies":[{"embeddable":true,"href":"https:\/\/www.dainst.blog\/bridging-eurasia\/wp-json\/wp\/v2\/comments?post=292"}],"version-history":[{"count":7,"href":"https:\/\/www.dainst.blog\/bridging-eurasia\/wp-json\/wp\/v2\/pages\/292\/revisions"}],"predecessor-version":[{"id":1975,"href":"https:\/\/www.dainst.blog\/bridging-eurasia\/wp-json\/wp\/v2\/pages\/292\/revisions\/1975"}],"wp:attachment":[{"href":"https:\/\/www.dainst.blog\/bridging-eurasia\/wp-json\/wp\/v2\/media?parent=292"}],"curies":[{"name":"wp","href":"https:\/\/api.w.org\/{rel}","templated":true}]}}