{"id":113,"date":"2020-11-03T20:21:40","date_gmt":"2020-11-03T20:21:40","guid":{"rendered":"http:\/\/www.dainst.blog\/freunde-rgk\/?page_id=113"},"modified":"2020-11-03T20:21:41","modified_gmt":"2020-11-03T20:21:41","slug":"veranstaltungen","status":"publish","type":"page","link":"https:\/\/www.dainst.blog\/freunde-rgk\/veranstaltungen\/","title":{"rendered":"Veranstaltungen"},"content":{"rendered":"\n<p><strong>Freunde der Arch\u00e4ologie in Europa e. V.\u00a0<\/strong>bietet seinen Mitgliedern spannende, von Wissenschaftlern geleitete Veranstaltungen zu aktuellen Themen der europ\u00e4ischen Altertumswissenschaften.<\/p>\n\n\n\n<div class=\"wp-block-image\"><figure class=\"alignleft\"><a href=\"javascript:openMediaWindow('\/popup\/-\/media-display\/image\/93282\/227072');\"><img decoding=\"async\" src=\"https:\/\/www.dainst.org\/documents\/10180\/213095\/Vortrag\/8a8c6ff5-2f2e-4a69-98e6-7ed2ecb533a2?t=1413388913987&amp;imageThumbnail=2\" alt=\"\" title=\"open-media-display\"\/><\/a><\/figure><\/div>\n\n\n\n<p>In fundierten\u00a0<strong>Vortr\u00e4gen<\/strong>\u00a0erfahren Sie mehr \u00fcber aktuelle Forschungen und neue Grabungsergebnisse.<\/p>\n\n\n\n<div class=\"wp-block-image\"><figure class=\"alignright\"><a href=\"javascript:openMediaWindow('\/popup\/-\/media-display\/image\/93282\/227052');\"><img decoding=\"async\" src=\"https:\/\/www.dainst.org\/documents\/10180\/214581\/Katzenberg\/d77e2b45-47c0-48a1-8a41-3add12fa7084?t=1413389085019&amp;imageThumbnail=2\" alt=\"\" title=\"open-media-display\"\/><\/a><\/figure><\/div>\n\n\n\n<p><\/p>\n\n\n\n<p>Unsere\u00a0<strong>Exkursionen<\/strong>\u00a0f\u00fchren in bedeutende Museen, zu aktuellen Sonderausstellungen und arch\u00e4ologischen Fundpl\u00e4tzen im In- und Ausland.<\/p>\n\n\n\n<div class=\"wp-block-image\"><figure class=\"alignleft\"><a href=\"javascript:openMediaWindow('\/popup\/-\/media-display\/image\/93282\/325021');\"><img decoding=\"async\" src=\"https:\/\/www.dainst.org\/documents\/10180\/213095\/Exkursion+in+den+Arch%C3%A4ologie-Park+Belginum\/602fe78a-5616-4a09-ab58-72c222af1b17?t=1413630105003&amp;imageThumbnail=2\" alt=\"\" title=\"open-media-display\"\/><\/a><\/figure><\/div>\n\n\n\n<p>Neben kurzfristig angek\u00fcndigten Tagsausfl\u00fcgen planen wir f\u00fcr Mitte Mai 2015 eine&nbsp;<a href=\"https:\/\/www.dainst.org\/termin\/-\/event-display\/ogNX4Gtxkd87\/387000?p_r_p_1690909578_redirectURL=https%3A%2F%2Fwww.dainst.org%2Ftermine%3Fp_auth%3DgfCR993o%26p_p_auth%3DZVv4i0Qm%26p_p_id%3Deventdisplay_WAR_daiportlet_INSTANCE_ogNX4Gtxkd87%26p_p_lifecycle%3D1%26p_p_state%3Dnormal%26p_p_mode%3Dview%26_eventdisplay_WAR_daiportlet_INSTANCE_ogNX4Gtxkd87_javax.portlet.action%3DbrowseEvents%26_eventdisplay_WAR_daiportlet_INSTANCE_ogNX4Gtxkd87_mvcPath%3D%252Fjsp%252Fevent_display%252Fview.jsp%26_eventdisplay_WAR_daiportlet_INSTANCE_ogNX4Gtxkd87_delta%3D20%26_eventdisplay_WAR_daiportlet_INSTANCE_ogNX4Gtxkd87_keywords%3D%26_eventdisplay_WAR_daiportlet_INSTANCE_ogNX4Gtxkd87_advancedSearch%3Dfalse%26_eventdisplay_WAR_daiportlet_INSTANCE_ogNX4Gtxkd87_andOperator%3Dtrue%26_eventdisplay_WAR_daiportlet_INSTANCE_ogNX4Gtxkd87_resetCur%3Dfalse%26cur%3D1\">10-t\u00e4gige Arch\u00e4ologie-Reise<\/a>&nbsp;nach Portugal, wo das Deutsche Arch\u00e4ologische Institut&nbsp; seit langen Jahren u. a. das Megalithgebiet des Vale de Rodrigo erforscht.<\/p>\n\n\n\n<div class=\"wp-block-image\"><figure class=\"alignright\"><a href=\"javascript:openMediaWindow('\/popup\/-\/media-display\/image\/93282\/325039');\"><img decoding=\"async\" src=\"https:\/\/www.dainst.org\/documents\/10180\/213095\/Exkursion+in+den+Arch%C3%A4ologie-Park+Belginum%2C%20Pr%C3%A4sentation+von+Fundmaterial\/3a9e7d34-aa92-40dd-af80-aa21c6a47488?t=1413631135214&amp;imageThumbnail=2\" alt=\"\" title=\"open-media-display\"\/><\/a><\/figure><\/div>\n\n\n\n<p>Unsere Exkursionen werden von Fachkollegen begleitet, die aus erster Hand \u00fcber aktuelle Funde und Forschungen informieren.<\/p>\n\n\n\n<div class=\"wp-block-image\"><figure class=\"alignleft\"><a href=\"javascript:openMediaWindow('\/popup\/-\/media-display\/image\/93282\/225691');\"><img decoding=\"async\" src=\"https:\/\/www.dainst.org\/documents\/10180\/223567\/Jochen+Schween\/f3c70974-c16a-4886-b4ac-70bfa2b8ab01?t=1413389256979&amp;imageThumbnail=2\" alt=\"\" title=\"open-media-display\"\/><\/a><\/figure><\/div>\n\n\n\n<p><\/p>\n\n\n\n<p>Besondere Veranstaltungen, z. B. exklusive Buchpr\u00e4sentationen, Konzerte oder Filmabende, erg\u00e4nzen das Programm.<\/p>\n\n\n\n<div class=\"wp-block-image\"><figure class=\"alignright\"><a href=\"javascript:openMediaWindow('\/popup\/-\/media-display\/image\/93282\/226859');\"><img decoding=\"async\" src=\"https:\/\/www.dainst.org\/documents\/10180\/223567\/Sommerfest+2014\/e0f103be-7a28-4b9c-ac54-ead9f14b8e20?t=1413389679849&amp;imageThumbnail=2\" alt=\"\" title=\"open-media-display\"\/><\/a><\/figure><\/div>\n\n\n\n<p><\/p>\n\n\n\n<p>Das j\u00e4hrliche Sommerfest mit Abendvortrag ist Treffpunkt f\u00fcr Fachkollegen und Freunde der Arch\u00e4ologie und bietet Gelegenheit f\u00fcr Austausch und Gespr\u00e4ch.<\/p>\n\n\n\n<p><\/p>\n\n\n\n<p>Die Vortr\u00e4ge und Exkursionen der Freunde der Arch\u00e4ologie in Europa e. V. stehen allen offen, die sich f\u00fcr die Vor- und Fr\u00fchgeschichte Europas und die Arbeit der R\u00f6misch-Germanischen Kommission interessieren.<\/p>\n\n\n\n<p><strong>Wir laden Sie herzlich zu unseren Veranstaltungen ein.<\/strong><\/p>\n\n\n\n<p>F\u00fcr Fragen und Informationen stehen wir gerne zur Verf\u00fcgung.<\/p>\n\n\n\n<h1 class=\"wp-block-heading\">Unsere n\u00e4chsten Veranstaltungen<\/h1>\n\n\n\n<p>Dienstag, 21. April 2015, 15:30 Uhr<br>J\u00fcdisches Museum Frankfurt, Untermainkai 14\/15, 60311 Frankfurt<br><a href=\"http:\/\/www.dainst.org\/termin\/-\/event-display\/ogNX4Gtxkd87\/549457?p_r_p_1690909578_redirectURL=%2Fsuchen%3Fp_p_id%3D3%26p_p_lifecycle%3D0%26p_p_state%3Dmaximized%26p_p_mode%3Dview%26_3_struts_action%3D%252Fsearch%252Fsearch%26_3_redirect%3Dhttp%253A%252F%252Fwww.dainst.org%252Ftermin%252F-%252Fevent-display%252FogNX4Gtxkd87%252F549695%253Fp_r_p_1690909578_redirectURL%253D%25252Fsuchen%25253Bjsessionid%25253D45E3F60EA5E458E9C291706BC16C7667%25253Fp_p_id%25253D3%252526p_p_lifecycle%25253D0%252526p_p_state%25253Dmaximized%252526p_p_mode%25253Dview%252526_3_struts_action%25253D%2525252Fsearch%2525252Fsearch%252526_3_redirect%25253Dhttp%2525253A%2525252F%2525252Fwww.dainst.org%2525252Fmeldungen%252526_3_keywords%25253DSommerfest%252526_3_assetCategoryTitles%25253D%252526_3_entryClassName%25253D%26_3_keywords%3DMenora%26_3_assetCategoryTitles%3D%26_3_entryClassName%3D\"><strong>F\u00fchrung mit der Kuratorin Dr. Patricia Rahemipour<\/strong><\/a><br><em>Im Licht der Menora. J\u00fcdisches Leben in der r\u00f6mischen Provinz<\/em><\/p>\n\n\n\n<p>14. bis 23. Mai 2015<br><a href=\"http:\/\/www.dainst.org\/termin\/-\/event-display\/ogNX4Gtxkd87\/387000?p_r_p_1690909578_redirectURL=http%3A%2F%2Fwww.dainst.org%2Ftermine%3Fp_auth%3DWYD62FiA%26p_p_auth%3D67nOUNS9%26p_p_id%3Deventdisplay_WAR_daiportlet_INSTANCE_ogNX4Gtxkd87%26p_p_lifecycle%3D1%26p_p_state%3Dnormal%26p_p_mode%3Dview%26_eventdisplay_WAR_daiportlet_INSTANCE_ogNX4Gtxkd87_javax.portlet.action%3DbrowseEvents%26_eventdisplay_WAR_daiportlet_INSTANCE_ogNX4Gtxkd87_mvcPath%3D%252Fjsp%252Fevent_display%252Fview.jsp%26_eventdisplay_WAR_daiportlet_INSTANCE_ogNX4Gtxkd87_delta%3D20%26_eventdisplay_WAR_daiportlet_INSTANCE_ogNX4Gtxkd87_keywords%3D%26_eventdisplay_WAR_daiportlet_INSTANCE_ogNX4Gtxkd87_advancedSearch%3Dfalse%26_eventdisplay_WAR_daiportlet_INSTANCE_ogNX4Gtxkd87_andOperator%3Dtrue%26_eventdisplay_WAR_daiportlet_INSTANCE_ogNX4Gtxkd87_resetCur%3Dfalse%26cur%3D2\"><strong>Exkursion mit Fernanda Cordoeiro und Dr. Philine Kalb<\/strong><\/a><br><em>Fahrt zu den arch\u00e4ologischen und kulturhistorischen Sch\u00e4tzen Mittel- und Nordportugals<\/em><\/p>\n\n\n\n<p>Dienstag, 30. Juni 2015<br>RGK, Palmengartenstr. 10-12<br><a href=\"http:\/\/www.dainst.org\/termin\/-\/event-display\/ogNX4Gtxkd87\/549695?p_r_p_1690909578_redirectURL=%2Fsuchen%3Bjsessionid%3D45E3F60EA5E458E9C291706BC16C7667%3Fp_p_id%3D3%26p_p_lifecycle%3D0%26p_p_state%3Dmaximized%26p_p_mode%3Dview%26_3_struts_action%3D%252Fsearch%252Fsearch%26_3_redirect%3Dhttp%253A%252F%252Fwww.dainst.org%252Fmeldungen%26_3_keywords%3DSommerfest%26_3_assetCategoryTitles%3D%26_3_entryClassName%3D\"><strong>Sommerfest der R\u00f6misch-Germanischen Kommission und ihre F\u00f6rdervereins &#8222;Freunde der Arch\u00e4ologie in Europa e. V.<\/strong><\/a><br><em>mit einem Festvortrag von&nbsp;Prof.&nbsp;Dr.&nbsp;Thomas Terberger zum Thema<br>Der Fundplatz Gro\u00df Fredenwalde, Uckermark, und die sp\u00e4ten Sammler-J\u00e4ger-Fischer in Nordost-Deutschland (6.500-4.000 v.Chr.)<\/em><\/p>\n","protected":false},"excerpt":{"rendered":"<p>Freunde der Arch\u00e4ologie in Europa e. V.\u00a0bietet seinen Mitgliedern spannende, von Wissenschaftlern geleitete Veranstaltungen zu aktuellen Themen der europ\u00e4ischen Altertumswissenschaften. In fundierten\u00a0Vortr\u00e4gen\u00a0erfahren Sie mehr \u00fcber aktuelle Forschungen und neue Grabungsergebnisse. Unsere\u00a0Exkursionen\u00a0f\u00fchren in bedeutende Museen, zu aktuellen Sonderausstellungen und arch\u00e4ologischen Fundpl\u00e4tzen im In- und Ausland. Neben kurzfristig angek\u00fcndigten Tagsausfl\u00fcgen planen wir f\u00fcr Mitte Mai 2015 eine&nbsp;10-t\u00e4gige [&hellip;]<\/p>\n","protected":false},"author":1,"featured_media":0,"parent":0,"menu_order":0,"comment_status":"closed","ping_status":"closed","template":"","meta":{"footnotes":""},"class_list":["post-113","page","type-page","status-publish","hentry","post-preview"],"_links":{"self":[{"href":"https:\/\/www.dainst.blog\/freunde-rgk\/wp-json\/wp\/v2\/pages\/113"}],"collection":[{"href":"https:\/\/www.dainst.blog\/freunde-rgk\/wp-json\/wp\/v2\/pages"}],"about":[{"href":"https:\/\/www.dainst.blog\/freunde-rgk\/wp-json\/wp\/v2\/types\/page"}],"author":[{"embeddable":true,"href":"https:\/\/www.dainst.blog\/freunde-rgk\/wp-json\/wp\/v2\/users\/1"}],"replies":[{"embeddable":true,"href":"https:\/\/www.dainst.blog\/freunde-rgk\/wp-json\/wp\/v2\/comments?post=113"}],"version-history":[{"count":1,"href":"https:\/\/www.dainst.blog\/freunde-rgk\/wp-json\/wp\/v2\/pages\/113\/revisions"}],"predecessor-version":[{"id":114,"href":"https:\/\/www.dainst.blog\/freunde-rgk\/wp-json\/wp\/v2\/pages\/113\/revisions\/114"}],"wp:attachment":[{"href":"https:\/\/www.dainst.blog\/freunde-rgk\/wp-json\/wp\/v2\/media?parent=113"}],"curies":[{"name":"wp","href":"https:\/\/api.w.org\/{rel}","templated":true}]}}