{"id":134,"date":"2020-11-03T20:40:59","date_gmt":"2020-11-03T20:40:59","guid":{"rendered":"http:\/\/www.dainst.blog\/freunde-rgk\/?page_id=134"},"modified":"2021-02-01T14:13:29","modified_gmt":"2021-02-01T14:13:29","slug":"vorstand","status":"publish","type":"page","link":"https:\/\/www.dainst.blog\/freunde-rgk\/vorstand\/","title":{"rendered":"Vorstand"},"content":{"rendered":"\n<div class=\"wp-block-image\"><figure class=\"alignright\"><a href=\"openMediaWindow('\/popup\/-\/media-display\/image\/93224\/215037');\"><img decoding=\"async\" src=\"https:\/\/www.dainst.org\/documents\/10180\/214581\/E.+Wilcke%2C%20S.+v.+Schnurbein\/f6db3fc8-2e20-4545-9b87-bd92616b9941?t=1413386159606&amp;imageThumbnail=2\" alt=\"\" title=\"open-media-display\" \/><\/a><figcaption>Eckart Wilcke (1.Vorsitzender) und Siegmar von<br> Schnurbein (2. Vorsitzender)<\/figcaption><\/figure><\/div>\n\n\n\n<div class=\"wp-block-image\"><figure class=\"alignright\"><a href=\"openMediaWindow('\/popup\/-\/media-display\/image\/93224\/227185');\"><img decoding=\"async\" src=\"https:\/\/www.dainst.org\/documents\/10180\/223567\/Sommerfest+2010\/8c7f2493-2aac-4260-94cc-80d85e2b2696?t=1413385709309&amp;imageThumbnail=2\" alt=\"\" title=\"open-media-display\" \/><\/a><figcaption>Dr. Christian Schudnagies (Schatzmeister) [lnks] <br>und Dr. Gabriele Rasbach (Schriftf\u00fchrer) [rechts]<\/figcaption><\/figure><\/div>\n\n\n\n<p>In den Vorstand wurden gew\u00e4hlt<\/p>\n\n\n\n<ul class=\"wp-block-list\"><li><strong>Angelika Wilcke<\/strong><br>1. Vorsitzende<br>\u00a0<\/li><li><strong>Prof. Dr. Markus Schol<\/strong>z<br>2. Vorsitzender<br>Arch\u00e4ologe, Professor an der Goethe-Universit\u00e4t Frankfurt a. M.<br>\u00a0<\/li><li><strong>Thomas Claus<\/strong><br>Schatzmeister<br>Filmemacher und Regisseur<br>\u00a0<\/li><li><strong>Dr. Daniel Burger-V\u00f6llmecke<\/strong><br>Arch\u00e4ologe,<br>Kurator der der arch\u00e4ologischen Abteilung der Sammlung Naussischer Altert\u00fcmer im Stadtmuseum Wiesbanden<\/li><\/ul>\n\n\n\n<p><\/p>\n\n\n\n<p>Die Erste Direktorin der R\u00f6misch-Germanischen Kommission,<strong>\u00a0<a rel=\"noreferrer noopener\" href=\"https:\/\/www.dainst.org\/mitarbeiter-detailansicht\/-\/person-display\/141867\" data-type=\"URL\" data-id=\"https:\/\/www.dainst.org\/mitarbeiter-detailansicht\/-\/person-display\/141867\" target=\"_blank\">Prof. Dr. Dr. h.c.<\/a><a href=\"https:\/\/www.dainst.org\/mitarbeiter-detailansicht\/-\/person-display\/141867\" data-type=\"URL\" data-id=\"https:\/\/www.dainst.org\/mitarbeiter-detailansicht\/-\/person-display\/141867\" target=\"_blank\" rel=\"noreferrer noopener\"> <\/a><a rel=\"noreferrer noopener\" href=\"https:\/\/www.dainst.org\/mitarbeiter-detailansicht\/-\/person-display\/141867\" data-type=\"URL\" data-id=\"https:\/\/www.dainst.org\/mitarbeiter-detailansicht\/-\/person-display\/141867\" target=\"_blank\">Eszter B\u00e1nffy<\/a>,<\/strong>\u00a0nimmt in beratender Funktion an den Sitzungen des Vorstands teil.<\/p>\n\n\n\n<p>Die Arbeit des Vorstands wird von <strong><a href=\"https:\/\/www.dainst.org\/mitarbeiter-detailansicht\/-\/person-display\/3318216\" data-type=\"URL\" data-id=\"https:\/\/www.dainst.org\/mitarbeiter-detailansicht\/-\/person-display\/3318216\">Kerstin Brose M.Sc.<\/a><a href=\"http:\/\/www.dainst.org\/mitarbeiter\/burger\"><\/a>&nbsp;<\/strong>unterst\u00fctzt.<\/p>\n","protected":false},"excerpt":{"rendered":"<p>In den Vorstand wurden gew\u00e4hlt Angelika Wilcke1. Vorsitzende\u00a0 Prof. Dr. Markus Scholz2. VorsitzenderArch\u00e4ologe, Professor an der Goethe-Universit\u00e4t Frankfurt a. M.\u00a0 Thomas ClausSchatzmeisterFilmemacher und Regisseur\u00a0 Dr. Daniel Burger-V\u00f6llmeckeArch\u00e4ologe,Kurator der der arch\u00e4ologischen Abteilung der Sammlung Naussischer Altert\u00fcmer im Stadtmuseum Wiesbanden Die Erste Direktorin der R\u00f6misch-Germanischen Kommission,\u00a0Prof. Dr. Dr. h.c. Eszter B\u00e1nffy,\u00a0nimmt in beratender Funktion an den Sitzungen [&hellip;]<\/p>\n","protected":false},"author":1,"featured_media":0,"parent":0,"menu_order":0,"comment_status":"closed","ping_status":"closed","template":"","meta":{"footnotes":""},"class_list":["post-134","page","type-page","status-publish","hentry","post-preview"],"_links":{"self":[{"href":"https:\/\/www.dainst.blog\/freunde-rgk\/wp-json\/wp\/v2\/pages\/134"}],"collection":[{"href":"https:\/\/www.dainst.blog\/freunde-rgk\/wp-json\/wp\/v2\/pages"}],"about":[{"href":"https:\/\/www.dainst.blog\/freunde-rgk\/wp-json\/wp\/v2\/types\/page"}],"author":[{"embeddable":true,"href":"https:\/\/www.dainst.blog\/freunde-rgk\/wp-json\/wp\/v2\/users\/1"}],"replies":[{"embeddable":true,"href":"https:\/\/www.dainst.blog\/freunde-rgk\/wp-json\/wp\/v2\/comments?post=134"}],"version-history":[{"count":7,"href":"https:\/\/www.dainst.blog\/freunde-rgk\/wp-json\/wp\/v2\/pages\/134\/revisions"}],"predecessor-version":[{"id":234,"href":"https:\/\/www.dainst.blog\/freunde-rgk\/wp-json\/wp\/v2\/pages\/134\/revisions\/234"}],"wp:attachment":[{"href":"https:\/\/www.dainst.blog\/freunde-rgk\/wp-json\/wp\/v2\/media?parent=134"}],"curies":[{"name":"wp","href":"https:\/\/api.w.org\/{rel}","templated":true}]}}