{"id":328,"date":"2021-09-01T11:15:44","date_gmt":"2021-09-01T10:15:44","guid":{"rendered":"https:\/\/www.dainst.blog\/groundcheck\/?page_id=328"},"modified":"2022-02-02T09:44:54","modified_gmt":"2022-02-02T09:44:54","slug":"groundcheck-selinous","status":"publish","type":"page","link":"https:\/\/www.dainst.blog\/groundcheck\/groundcheck-selinous\/","title":{"rendered":"Groundcheck Selinous"},"content":{"rendered":"\t\t<div data-elementor-type=\"wp-page\" data-elementor-id=\"328\" class=\"elementor elementor-328\">\n\t\t\t\t\t\t<section class=\"elementor-section elementor-top-section elementor-element elementor-element-dc025e1 elementor-section-boxed elementor-section-height-default elementor-section-height-default\" data-id=\"dc025e1\" data-element_type=\"section\" data-e-type=\"section\">\n\t\t\t\t\t\t<div class=\"elementor-container elementor-column-gap-default\">\n\t\t\t\t\t<div class=\"elementor-column elementor-col-100 elementor-top-column elementor-element elementor-element-237af2e\" data-id=\"237af2e\" data-element_type=\"column\" data-e-type=\"column\">\n\t\t\t<div class=\"elementor-widget-wrap elementor-element-populated\">\n\t\t\t\t\t\t<div class=\"elementor-element elementor-element-5b69610 elementor-widget elementor-widget-heading\" data-id=\"5b69610\" data-element_type=\"widget\" data-e-type=\"widget\" data-widget_type=\"heading.default\">\n\t\t\t\t<div class=\"elementor-widget-container\">\n\t\t\t\t\t<h2 class=\"elementor-heading-title elementor-size-default\">Geoarchaeological Investigations on the Eastern Port of the Western Greek Apoikia Selinunte, South-Western Sicily<\/h2>\t\t\t\t<\/div>\n\t\t\t\t<\/div>\n\t\t\t\t<div class=\"elementor-element elementor-element-17a04fd elementor-widget elementor-widget-text-editor\" data-id=\"17a04fd\" data-element_type=\"widget\" data-e-type=\"widget\" data-widget_type=\"text-editor.default\">\n\t\t\t\t<div class=\"elementor-widget-container\">\n\t\t\t\t\t\t\t\t\t<p>Selinunte, located on the west coast of Sicily, was one of the large and important western colonies of ancient Greece. It is among the best researched Greek planting cities (apoikia) of Sicily and southern Italy and is famous for its monumental Doric temples. A desideratum in many years of research on the ancient coastal city is the localisation of the harbour facilities and their connection to the city, for which there are no reliable findings to date.<\/p><p>The aim of the investigations within the framework of the Groundcheck programme is the geoarchaeological exploration of the hitherto assumed eastern harbour of Selinunte and the palaeogeographical reconstruction of the now silted-up marine bay that once housed the harbour. Specifically, a spatial and chronological model of the siltation of the bay is to be developed, which will allow the development of Selinunte to be linked to landscape-historical events, such as sea-level fluctuations, shoreline changes, or vegetation changes, and will shed light on the reciprocal influences of environmental and settlement history.<\/p>\n\n<p>Since the summer of 2020, extensive fieldwork has been taking place in the Gorgo Cotone valley, between the city hill and the eastern hill of Selinunte. The vibracoring method is being used to explore the subsurface. So far, more than 40 corings of several transects across and along the valley course have been obtained. The sediment cores show the lithostratigraphic structure of the subsurface down to a maximum depth of 14 m and provide information on the spatial distribution of marine deposits. For the evaluation of the cores, the examination of the sediments in the laboratory is indispensable. Especially microfossils (ostracods, foraminifera) are crucial for the identification of marine deposits and the interpretation of paleoenvironmental conditions.<\/p>\n\n<p>The results of the geomorphological-sedimentological investigations will be incorporated into a GIS platform that will be used to collect, model, and visualise all spatial data generated. The goal is to generate paleo-elevation models that reflect the siltation and port history of Selinunte&#8217;s eastern marine bay at different time slices.<\/p>\n\n<p>The project is being carried out by the DAI Rome in close collaboration with the DFG project &#8222;The Eastern Port of Selinunte&#8220; led by Jon Albers (Ruhr-Universit\u00e4t Bochum) and the Parco Archaeologico di Selinunte e Cave di Cusa.<\/p>\t\t\t\t\t\t\t\t<\/div>\n\t\t\t\t<\/div>\n\t\t\t\t<div class=\"elementor-element elementor-element-ab20e6e elementor-widget elementor-widget-image\" data-id=\"ab20e6e\" data-element_type=\"widget\" data-e-type=\"widget\" data-widget_type=\"image.default\">\n\t\t\t\t<div class=\"elementor-widget-container\">\n\t\t\t\t\t\t\t\t\t\t\t\t<figure class=\"wp-caption\">\n\t\t\t\t\t\t\t\t\t\t<img fetchpriority=\"high\" decoding=\"async\" width=\"886\" height=\"626\" src=\"https:\/\/www.dainst.blog\/groundcheck\/wp-content\/uploads\/sites\/42\/2021\/09\/Abb.6_Siebreste.jpg\" class=\"attachment-large size-large wp-image-339\" alt=\"\" srcset=\"https:\/\/www.dainst.blog\/groundcheck\/wp-content\/uploads\/sites\/42\/2021\/09\/Abb.6_Siebreste.jpg 886w, https:\/\/www.dainst.blog\/groundcheck\/wp-content\/uploads\/sites\/42\/2021\/09\/Abb.6_Siebreste-300x212.jpg 300w, https:\/\/www.dainst.blog\/groundcheck\/wp-content\/uploads\/sites\/42\/2021\/09\/Abb.6_Siebreste-768x543.jpg 768w\" sizes=\"(max-width: 886px) 100vw, 886px\" \/>\t\t\t\t\t\t\t\t\t\t\t<figcaption class=\"widget-image-caption wp-caption-text\">Examples of sieve residues of the fraction 630 \u00b5m (\u00a9 Steffen Schneider) <\/figcaption>\n\t\t\t\t\t\t\t\t\t\t<\/figure>\n\t\t\t\t\t\t\t\t\t<\/div>\n\t\t\t\t<\/div>\n\t\t\t\t<div class=\"elementor-element elementor-element-075909b elementor-widget elementor-widget-image\" data-id=\"075909b\" data-element_type=\"widget\" data-e-type=\"widget\" data-widget_type=\"image.default\">\n\t\t\t\t<div class=\"elementor-widget-container\">\n\t\t\t\t\t\t\t\t\t\t\t\t<figure class=\"wp-caption\">\n\t\t\t\t\t\t\t\t\t\t<img decoding=\"async\" width=\"886\" height=\"591\" src=\"https:\/\/www.dainst.blog\/groundcheck\/wp-content\/uploads\/sites\/42\/2021\/09\/Abb.3_Kernansprache.jpeg\" class=\"attachment-large size-large wp-image-342\" alt=\"\" srcset=\"https:\/\/www.dainst.blog\/groundcheck\/wp-content\/uploads\/sites\/42\/2021\/09\/Abb.3_Kernansprache.jpeg 886w, https:\/\/www.dainst.blog\/groundcheck\/wp-content\/uploads\/sites\/42\/2021\/09\/Abb.3_Kernansprache-300x200.jpeg 300w, https:\/\/www.dainst.blog\/groundcheck\/wp-content\/uploads\/sites\/42\/2021\/09\/Abb.3_Kernansprache-768x512.jpeg 768w\" sizes=\"(max-width: 886px) 100vw, 886px\" \/>\t\t\t\t\t\t\t\t\t\t\t<figcaption class=\"widget-image-caption wp-caption-text\">Investigating and sampling a vibracore (\u00a9 Theresa Rafflenbeul)<\/figcaption>\n\t\t\t\t\t\t\t\t\t\t<\/figure>\n\t\t\t\t\t\t\t\t\t<\/div>\n\t\t\t\t<\/div>\n\t\t\t\t<div class=\"elementor-element elementor-element-dac8780 elementor-widget elementor-widget-image\" data-id=\"dac8780\" data-element_type=\"widget\" data-e-type=\"widget\" data-widget_type=\"image.default\">\n\t\t\t\t<div class=\"elementor-widget-container\">\n\t\t\t\t\t\t\t\t\t\t\t\t<figure class=\"wp-caption\">\n\t\t\t\t\t\t\t\t\t\t<img decoding=\"async\" width=\"886\" height=\"591\" src=\"https:\/\/www.dainst.blog\/groundcheck\/wp-content\/uploads\/sites\/42\/2021\/09\/Abb.2_Rammen.jpeg\" class=\"attachment-large size-large wp-image-343\" alt=\"\" srcset=\"https:\/\/www.dainst.blog\/groundcheck\/wp-content\/uploads\/sites\/42\/2021\/09\/Abb.2_Rammen.jpeg 886w, https:\/\/www.dainst.blog\/groundcheck\/wp-content\/uploads\/sites\/42\/2021\/09\/Abb.2_Rammen-300x200.jpeg 300w, https:\/\/www.dainst.blog\/groundcheck\/wp-content\/uploads\/sites\/42\/2021\/09\/Abb.2_Rammen-768x512.jpeg 768w\" sizes=\"(max-width: 886px) 100vw, 886px\" \/>\t\t\t\t\t\t\t\t\t\t\t<figcaption class=\"widget-image-caption wp-caption-text\">Vibracore probing in the Cotone valley (\u00a9 Marlen Schl\u00f6ffel)<\/figcaption>\n\t\t\t\t\t\t\t\t\t\t<\/figure>\n\t\t\t\t\t\t\t\t\t<\/div>\n\t\t\t\t<\/div>\n\t\t\t\t\t<\/div>\n\t\t<\/div>\n\t\t\t\t\t<\/div>\n\t\t<\/section>\n\t\t\t\t<section class=\"elementor-section elementor-top-section elementor-element elementor-element-ef81705 elementor-section-boxed elementor-section-height-default elementor-section-height-default\" data-id=\"ef81705\" data-element_type=\"section\" data-e-type=\"section\">\n\t\t\t\t\t\t<div class=\"elementor-container elementor-column-gap-default\">\n\t\t\t\t\t<div class=\"elementor-column elementor-col-100 elementor-top-column elementor-element elementor-element-bf7e575\" data-id=\"bf7e575\" data-element_type=\"column\" data-e-type=\"column\">\n\t\t\t<div class=\"elementor-widget-wrap elementor-element-populated\">\n\t\t\t\t\t\t<div class=\"elementor-element elementor-element-3adfca2 elementor-widget elementor-widget-image\" data-id=\"3adfca2\" data-element_type=\"widget\" data-e-type=\"widget\" data-widget_type=\"image.default\">\n\t\t\t\t<div class=\"elementor-widget-container\">\n\t\t\t\t\t\t\t\t\t\t\t\t\t\t\t\t<a href=\"https:\/\/www.dainst.blog\/groundcheck\/wp-content\/uploads\/sites\/42\/2022\/02\/Archa\u0308ologie-Weltweit-Sonderheft-2021_Aus-Meer-wird-Land.pdf\" target=\"_blank\">\n\t\t\t\t\t\t\t<img loading=\"lazy\" decoding=\"async\" width=\"1024\" height=\"678\" src=\"https:\/\/www.dainst.blog\/groundcheck\/wp-content\/uploads\/sites\/42\/2022\/02\/Aus-Meer-wird-Land-1024x678.png\" class=\"attachment-large size-large wp-image-1383\" alt=\"\" srcset=\"https:\/\/www.dainst.blog\/groundcheck\/wp-content\/uploads\/sites\/42\/2022\/02\/Aus-Meer-wird-Land-1024x678.png 1024w, https:\/\/www.dainst.blog\/groundcheck\/wp-content\/uploads\/sites\/42\/2022\/02\/Aus-Meer-wird-Land-300x199.png 300w, https:\/\/www.dainst.blog\/groundcheck\/wp-content\/uploads\/sites\/42\/2022\/02\/Aus-Meer-wird-Land-768x509.png 768w, https:\/\/www.dainst.blog\/groundcheck\/wp-content\/uploads\/sites\/42\/2022\/02\/Aus-Meer-wird-Land.png 1057w\" sizes=\"(max-width: 1024px) 100vw, 1024px\" \/>\t\t\t\t\t\t\t\t<\/a>\n\t\t\t\t\t\t\t\t\t\t\t\t\t\t\t<\/div>\n\t\t\t\t<\/div>\n\t\t\t\t<div class=\"elementor-element elementor-element-7d095ea elementor-widget elementor-widget-text-editor\" data-id=\"7d095ea\" data-element_type=\"widget\" data-e-type=\"widget\" data-widget_type=\"text-editor.default\">\n\t\t\t\t<div class=\"elementor-widget-container\">\n\t\t\t\t\t\t\t\t\t<p><a href=\"https:\/\/www.dainst.blog\/groundcheck\/wp-content\/uploads\/sites\/42\/2022\/02\/Archa\u0308ologie-Weltweit-Sonderheft-2021_Aus-Meer-wird-Land.pdf\" target=\"_blank\" rel=\"noopener\"><span style=\"text-decoration: underline\"><strong>Archaeology Worldwide Special Issue 2021: <em>Aus Meer wird Land<\/em> (From Sea to Land)<\/strong><\/span><\/a><\/p>\t\t\t\t\t\t\t\t<\/div>\n\t\t\t\t<\/div>\n\t\t\t\t<div class=\"elementor-element elementor-element-2b0dbbf elementor-widget-divider--view-line elementor-widget elementor-widget-divider\" data-id=\"2b0dbbf\" data-element_type=\"widget\" data-e-type=\"widget\" data-widget_type=\"divider.default\">\n\t\t\t\t<div class=\"elementor-widget-container\">\n\t\t\t\t\t\t\t<div class=\"elementor-divider\">\n\t\t\t<span class=\"elementor-divider-separator\">\n\t\t\t\t\t\t<\/span>\n\t\t<\/div>\n\t\t\t\t\t\t<\/div>\n\t\t\t\t<\/div>\n\t\t\t\t<section class=\"elementor-section elementor-inner-section elementor-element elementor-element-1faa562 elementor-section-boxed elementor-section-height-default elementor-section-height-default\" data-id=\"1faa562\" data-element_type=\"section\" data-e-type=\"section\">\n\t\t\t\t\t\t<div class=\"elementor-container elementor-column-gap-default\">\n\t\t\t\t\t<div class=\"elementor-column elementor-col-50 elementor-inner-column elementor-element elementor-element-493168b\" data-id=\"493168b\" data-element_type=\"column\" data-e-type=\"column\">\n\t\t\t<div class=\"elementor-widget-wrap elementor-element-populated\">\n\t\t\t\t\t\t<div class=\"elementor-element elementor-element-6ba47c7 elementor-widget elementor-widget-text-editor\" data-id=\"6ba47c7\" data-element_type=\"widget\" data-e-type=\"widget\" data-widget_type=\"text-editor.default\">\n\t\t\t\t<div class=\"elementor-widget-container\">\n\t\t\t\t\t\t\t\t\t<h4><strong>Project members and partners<\/strong><\/h4><p>Ortwin Dally (Projectmanagement, DAI Rom)<\/p><p>Steffen Schneider (DAI Rom)<\/p><p>Marlen Schl\u00f6ffel (DAI Rom)<\/p><p>Parco Archaeologico di Selinunte e Cave di Cusa<\/p><p>Prof. Dr. Jon Albers, <a href=\"https:\/\/www.ruhr-uni-bochum.de\/archaeologie\/forschung\/projekte\/Selinunt.html.de\">Institut f\u00fcr Arch\u00e4ologische Wissenschaften, Ruhr-Universit\u00e4t Bochum<\/a><\/p>\t\t\t\t\t\t\t\t<\/div>\n\t\t\t\t<\/div>\n\t\t\t\t\t<\/div>\n\t\t<\/div>\n\t\t\t\t<div class=\"elementor-column elementor-col-50 elementor-inner-column elementor-element elementor-element-dab1bb1\" data-id=\"dab1bb1\" data-element_type=\"column\" data-e-type=\"column\">\n\t\t\t<div class=\"elementor-widget-wrap elementor-element-populated\">\n\t\t\t\t\t\t<div class=\"elementor-element elementor-element-63f3bc6 elementor-widget elementor-widget-image\" data-id=\"63f3bc6\" data-element_type=\"widget\" data-e-type=\"widget\" data-widget_type=\"image.default\">\n\t\t\t\t<div class=\"elementor-widget-container\">\n\t\t\t\t\t\t\t\t\t\t\t\t<figure class=\"wp-caption\">\n\t\t\t\t\t\t\t\t\t\t<img loading=\"lazy\" decoding=\"async\" width=\"118\" height=\"300\" src=\"https:\/\/www.dainst.blog\/groundcheck\/wp-content\/uploads\/sites\/42\/2021\/09\/Abb.5_Bohrkern-118x300.jpg\" class=\"attachment-medium size-medium wp-image-340\" alt=\"\" srcset=\"https:\/\/www.dainst.blog\/groundcheck\/wp-content\/uploads\/sites\/42\/2021\/09\/Abb.5_Bohrkern-118x300.jpg 118w, https:\/\/www.dainst.blog\/groundcheck\/wp-content\/uploads\/sites\/42\/2021\/09\/Abb.5_Bohrkern.jpg 349w\" sizes=\"(max-width: 118px) 100vw, 118px\" \/>\t\t\t\t\t\t\t\t\t\t\t<figcaption class=\"widget-image-caption wp-caption-text\">Overview photo of a 6 m vibracore, with marine sediments in the lower 3 metres (\u00a9 Steffen Schneider)<\/figcaption>\n\t\t\t\t\t\t\t\t\t\t<\/figure>\n\t\t\t\t\t\t\t\t\t<\/div>\n\t\t\t\t<\/div>\n\t\t\t\t\t<\/div>\n\t\t<\/div>\n\t\t\t\t\t<\/div>\n\t\t<\/section>\n\t\t\t\t\t<\/div>\n\t\t<\/div>\n\t\t\t\t\t<\/div>\n\t\t<\/section>\n\t\t\t\t<\/div>\n\t\t","protected":false},"excerpt":{"rendered":"<p>Geoarchaeological Investigations on the Eastern Port of the Western Greek Apoikia Selinunte, South-Western Sicily Selinunte, located on the west coast of Sicily, was one of the large and important western colonies of ancient Greece. It is among the best researched &hellip; <a href=\"https:\/\/www.dainst.blog\/groundcheck\/groundcheck-selinous\/\">Weiter<\/a><\/p>\n","protected":false},"author":126,"featured_media":0,"parent":0,"menu_order":0,"comment_status":"closed","ping_status":"closed","template":"","meta":{"footnotes":""},"class_list":["post-328","page","type-page","status-publish","hentry"],"_links":{"self":[{"href":"https:\/\/www.dainst.blog\/groundcheck\/wp-json\/wp\/v2\/pages\/328"}],"collection":[{"href":"https:\/\/www.dainst.blog\/groundcheck\/wp-json\/wp\/v2\/pages"}],"about":[{"href":"https:\/\/www.dainst.blog\/groundcheck\/wp-json\/wp\/v2\/types\/page"}],"author":[{"embeddable":true,"href":"https:\/\/www.dainst.blog\/groundcheck\/wp-json\/wp\/v2\/users\/126"}],"replies":[{"embeddable":true,"href":"https:\/\/www.dainst.blog\/groundcheck\/wp-json\/wp\/v2\/comments?post=328"}],"version-history":[{"count":42,"href":"https:\/\/www.dainst.blog\/groundcheck\/wp-json\/wp\/v2\/pages\/328\/revisions"}],"predecessor-version":[{"id":1389,"href":"https:\/\/www.dainst.blog\/groundcheck\/wp-json\/wp\/v2\/pages\/328\/revisions\/1389"}],"wp:attachment":[{"href":"https:\/\/www.dainst.blog\/groundcheck\/wp-json\/wp\/v2\/media?parent=328"}],"curies":[{"name":"wp","href":"https:\/\/api.w.org\/{rel}","templated":true}]}}