{"id":435,"date":"2020-11-08T19:05:09","date_gmt":"2020-11-08T18:05:09","guid":{"rendered":"http:\/\/www.dainst.blog\/tana\/?page_id=435"},"modified":"2020-11-08T19:14:07","modified_gmt":"2020-11-08T18:14:07","slug":"der-circus-von-karthago","status":"publish","type":"page","link":"https:\/\/www.dainst.blog\/tana\/de\/der-circus-von-karthago\/","title":{"rendered":"Der Circus von Karthago"},"content":{"rendered":"\t\t<div data-elementor-type=\"wp-page\" data-elementor-id=\"435\" class=\"elementor elementor-435\">\n\t\t\t\t\t\t<section class=\"elementor-section elementor-top-section elementor-element elementor-element-19f5766 elementor-section-boxed elementor-section-height-default elementor-section-height-default\" data-id=\"19f5766\" data-element_type=\"section\" data-e-type=\"section\">\n\t\t\t\t\t\t<div class=\"elementor-container elementor-column-gap-default\">\n\t\t\t\t\t<div class=\"elementor-column elementor-col-100 elementor-top-column elementor-element elementor-element-5ba6bd8\" data-id=\"5ba6bd8\" data-element_type=\"column\" data-e-type=\"column\">\n\t\t\t<div class=\"elementor-widget-wrap elementor-element-populated\">\n\t\t\t\t\t\t<div class=\"elementor-element elementor-element-5a91a6a9 elementor-widget elementor-widget-heading\" data-id=\"5a91a6a9\" data-element_type=\"widget\" data-e-type=\"widget\" data-widget_type=\"heading.default\">\n\t\t\t\t<div class=\"elementor-widget-container\">\n\t\t\t\t\t<h2 class=\"elementor-heading-title elementor-size-default\">Der Circus von Karthago \u2013 Ein Monument und sein Quartier<\/h2>\t\t\t\t<\/div>\n\t\t\t\t<\/div>\n\t\t\t\t\t<\/div>\n\t\t<\/div>\n\t\t\t\t\t<\/div>\n\t\t<\/section>\n\t\t\t\t<section class=\"elementor-section elementor-top-section elementor-element elementor-element-2d13d85 elementor-section-boxed elementor-section-height-default elementor-section-height-default\" data-id=\"2d13d85\" data-element_type=\"section\" data-e-type=\"section\">\n\t\t\t\t\t\t<div class=\"elementor-container elementor-column-gap-default\">\n\t\t\t\t\t<div class=\"elementor-column elementor-col-50 elementor-top-column elementor-element elementor-element-58242ec\" data-id=\"58242ec\" data-element_type=\"column\" data-e-type=\"column\">\n\t\t\t<div class=\"elementor-widget-wrap elementor-element-populated\">\n\t\t\t\t\t\t<div class=\"elementor-element elementor-element-6b1e725 elementor-widget elementor-widget-image\" data-id=\"6b1e725\" data-element_type=\"widget\" data-e-type=\"widget\" data-widget_type=\"image.default\">\n\t\t\t\t<div class=\"elementor-widget-container\">\n\t\t\t\t\t\t\t\t\t\t\t\t<figure class=\"wp-caption\">\n\t\t\t\t\t\t\t\t\t\t<img fetchpriority=\"high\" decoding=\"async\" width=\"1024\" height=\"680\" src=\"https:\/\/www.dainst.blog\/tana\/wp-content\/uploads\/sites\/15\/2020\/11\/01_D-DAI-ROM-KAR-2016.0169_Vermessungsarbeiten-am-Circus-Foto-RBockmann-DAI-Rom-1-1024x680.jpg\" class=\"attachment-large size-large wp-image-439\" alt=\"\" srcset=\"https:\/\/www.dainst.blog\/tana\/wp-content\/uploads\/sites\/15\/2020\/11\/01_D-DAI-ROM-KAR-2016.0169_Vermessungsarbeiten-am-Circus-Foto-RBockmann-DAI-Rom-1-1024x680.jpg 1024w, https:\/\/www.dainst.blog\/tana\/wp-content\/uploads\/sites\/15\/2020\/11\/01_D-DAI-ROM-KAR-2016.0169_Vermessungsarbeiten-am-Circus-Foto-RBockmann-DAI-Rom-1-300x199.jpg 300w, https:\/\/www.dainst.blog\/tana\/wp-content\/uploads\/sites\/15\/2020\/11\/01_D-DAI-ROM-KAR-2016.0169_Vermessungsarbeiten-am-Circus-Foto-RBockmann-DAI-Rom-1-768x510.jpg 768w, https:\/\/www.dainst.blog\/tana\/wp-content\/uploads\/sites\/15\/2020\/11\/01_D-DAI-ROM-KAR-2016.0169_Vermessungsarbeiten-am-Circus-Foto-RBockmann-DAI-Rom-1-1536x1020.jpg 1536w, https:\/\/www.dainst.blog\/tana\/wp-content\/uploads\/sites\/15\/2020\/11\/01_D-DAI-ROM-KAR-2016.0169_Vermessungsarbeiten-am-Circus-Foto-RBockmann-DAI-Rom-1-2048x1360.jpg 2048w, https:\/\/www.dainst.blog\/tana\/wp-content\/uploads\/sites\/15\/2020\/11\/01_D-DAI-ROM-KAR-2016.0169_Vermessungsarbeiten-am-Circus-Foto-RBockmann-DAI-Rom-1-750x498.jpg 750w\" sizes=\"(max-width: 1024px) 100vw, 1024px\" \/>\t\t\t\t\t\t\t\t\t\t\t<figcaption class=\"widget-image-caption wp-caption-text\">Fig. 1 | \u00a9 R. Bockmann<\/figcaption>\n\t\t\t\t\t\t\t\t\t\t<\/figure>\n\t\t\t\t\t\t\t\t\t<\/div>\n\t\t\t\t<\/div>\n\t\t\t\t\t<\/div>\n\t\t<\/div>\n\t\t\t\t<div class=\"elementor-column elementor-col-50 elementor-top-column elementor-element elementor-element-5a3fe40\" data-id=\"5a3fe40\" data-element_type=\"column\" data-e-type=\"column\">\n\t\t\t<div class=\"elementor-widget-wrap elementor-element-populated\">\n\t\t\t\t\t\t<div class=\"elementor-element elementor-element-10b4552 elementor-widget elementor-widget-image\" data-id=\"10b4552\" data-element_type=\"widget\" data-e-type=\"widget\" data-widget_type=\"image.default\">\n\t\t\t\t<div class=\"elementor-widget-container\">\n\t\t\t\t\t\t\t\t\t\t\t\t<figure class=\"wp-caption\">\n\t\t\t\t\t\t\t\t\t\t<img decoding=\"async\" width=\"1024\" height=\"683\" src=\"https:\/\/www.dainst.blog\/tana\/wp-content\/uploads\/sites\/15\/2020\/11\/02_Bockmann-Sondagen-Ueberblick_1-1-1024x683.jpg\" class=\"attachment-large size-large wp-image-440\" alt=\"\" srcset=\"https:\/\/www.dainst.blog\/tana\/wp-content\/uploads\/sites\/15\/2020\/11\/02_Bockmann-Sondagen-Ueberblick_1-1-1024x683.jpg 1024w, https:\/\/www.dainst.blog\/tana\/wp-content\/uploads\/sites\/15\/2020\/11\/02_Bockmann-Sondagen-Ueberblick_1-1-300x200.jpg 300w, https:\/\/www.dainst.blog\/tana\/wp-content\/uploads\/sites\/15\/2020\/11\/02_Bockmann-Sondagen-Ueberblick_1-1-768x512.jpg 768w, https:\/\/www.dainst.blog\/tana\/wp-content\/uploads\/sites\/15\/2020\/11\/02_Bockmann-Sondagen-Ueberblick_1-1-1536x1024.jpg 1536w, https:\/\/www.dainst.blog\/tana\/wp-content\/uploads\/sites\/15\/2020\/11\/02_Bockmann-Sondagen-Ueberblick_1-1-2048x1365.jpg 2048w, https:\/\/www.dainst.blog\/tana\/wp-content\/uploads\/sites\/15\/2020\/11\/02_Bockmann-Sondagen-Ueberblick_1-1-750x500.jpg 750w\" sizes=\"(max-width: 1024px) 100vw, 1024px\" \/>\t\t\t\t\t\t\t\t\t\t\t<figcaption class=\"widget-image-caption wp-caption-text\">Fig. 2 | \u00a9 I. Fumad\u00f3 Ortega<\/figcaption>\n\t\t\t\t\t\t\t\t\t\t<\/figure>\n\t\t\t\t\t\t\t\t\t<\/div>\n\t\t\t\t<\/div>\n\t\t\t\t\t<\/div>\n\t\t<\/div>\n\t\t\t\t\t<\/div>\n\t\t<\/section>\n\t\t\t\t<section class=\"elementor-section elementor-top-section elementor-element elementor-element-56f13c7f elementor-section-boxed elementor-section-height-default elementor-section-height-default\" data-id=\"56f13c7f\" data-element_type=\"section\" data-e-type=\"section\">\n\t\t\t\t\t\t<div class=\"elementor-container elementor-column-gap-default\">\n\t\t\t\t\t<div class=\"elementor-column elementor-col-100 elementor-top-column elementor-element elementor-element-48d24aa2\" data-id=\"48d24aa2\" data-element_type=\"column\" data-e-type=\"column\">\n\t\t\t<div class=\"elementor-widget-wrap elementor-element-populated\">\n\t\t\t\t\t\t<div class=\"elementor-element elementor-element-73c8ebb6 elementor-widget elementor-widget-text-editor\" data-id=\"73c8ebb6\" data-element_type=\"widget\" data-e-type=\"widget\" data-widget_type=\"text-editor.default\">\n\t\t\t\t<div class=\"elementor-widget-container\">\n\t\t\t\t\t\t\t\t\t<p>Mit dem Grabungsprojekt am Circus wurde ein neues Kapitel der Karthagoforschung des DAI Rom aufgeschlagen. Bereits 1974 und 1984 wurden gr\u00f6\u00dfere Grabungsprojekte begonnen, die \u00fcber mehrere Jahre liefen und in den arch\u00e4ologischen Parks <em>Quartier Magon<\/em> und <em>Quartier Didon<\/em> aufbereitet sind.<\/p><p>Karthago wurde im 9. Jh. BCE gegr\u00fcndet und beherrschte ab dem 5. Jh. BCE gro\u00dfe Teile Nordafrikas und des westlichen Mittelmeerraums. Die Stadt galt als eine der bedeutendste nordafrikanischen Metropole. Die Bedeutung als politische Machtzentrale, Handelsmetropole und Hafenstadt an der s\u00fcdlichen Mittelmeerk\u00fcste an der Schnittstelle zwischen Ost und West lie\u00df Karthago \u00fcber einen Zeitraum von 1.500 Jahren zu den gr\u00f6\u00dften St\u00e4dten des Mittelmeerraums geh\u00f6ren.<\/p><p>Der r\u00f6mische Circus von Karthago beherrschte das s\u00fcdwestliche Quartier der Stadt. Er stellte den gr\u00f6\u00dften Bau des r\u00f6mischen Karthago dar und wurde in seinen Ma\u00dfen nur von den kaiserlichen Circusanlagen in Rom selbst \u00fcbertroffen. In Karthago geh\u00f6rte er zu den fr\u00fchesten Bauten der r\u00f6mischen Stadt und beeinflusste die Architektur von Circusbauten im restlichen Afrika. Auch auf das s\u00fcdwestliche Stadtquartier Karthagos hatte er wesentlichen Einfluss. Er bestimmte die urbane Struktur eines bedeutenden Teils der Siedlung an ihrem s\u00fcdwestlichen Rand und musste \u00fcber Stra\u00dfen, Kan\u00e4le und Nebenbauten erschlossen werden.<\/p><p>Ziele des Projekts sind zum einen die Erfassung und Rekonstruktion des Circus als Monument, in seiner Errichtung, Aufbau, Ausstattung, Entwicklung und Nutzung. Zum anderen wird eine diachrone Studie der urbanen Entwicklung des Stadtteils, die wesentlich durch den Circus beeinflusst war, durchgef\u00fchrt. Das Gel\u00e4nde befand sich in der N\u00e4he der antiken K\u00fcstenlinie der Lagune von Tunis, an der die H\u00e4fen der fr\u00fch- und mittelpunischen Stadt zu vermuten sind. Au\u00dferhalb der Stadt befanden sich, zumindest in r\u00f6mischer Zeit, Nekropolen. Wie das Gel\u00e4nde in der punischen Zeit genutzt wurde, wie sich die Stadtgrenzen verschoben, wie das Gebiet f\u00fcr die Errichtung des Circus vorbereitet wurde und auch, wie seine Nachnutzung aussah, ist Teil der Fragestellung des Projekts. Nur in diesem Bereich von Karthago ist eine gro\u00dfr\u00e4umige, epochen\u00fcbergreifende urbanistische Studie innerhalb der arch\u00e4ologischen Zone der UNESCO-Welterbest\u00e4tte heute noch m\u00f6glich.<\/p><p>Im Projekt arbeitet eine Gruppe junger Wissenschaftler*innen zusammen, die \u00fcber langj\u00e4hrige Erfahrungen auf ihren Spezialgebieten sowie in der arch\u00e4ologischen Forschung in Nordafrika verf\u00fcgen. Das Projekt wird von Seiten des DAI Rom von Dr. Ralf Bockmann geleitet, auf Seiten des INP Tunis von Dr. Hamden Ben Romdhane. Wissenschaftliche Ko-Direktoren des Projekts sind Dr. des. Frerich Sch\u00f6n von der Universit\u00e4t T\u00fcbingen und Dr. Iv\u00e1n Fumad\u00f3 Ortega. Sondageleiter sind aktuell Dr. Stefano Cespa (Mailand), Dr. Yamen Sghaier (INP Tunis) und Boutheina Maraoui (Universit\u00e4t Tunis). Die Architektin Dr. Ing. Nicole R\u00f6ring aus Bamberg leitet die Bauaufnahme und ist verantwortlich f\u00fcr die bauforscherisch begleiteten Rekonstruktionen des Monuments. Die Fundbearbeitung wird geleitet von Dr. Elyssa Jerray (Paris), die einem gro\u00dfen Team von Experten f\u00fcr Keramik und andere Materialgattungen vorsteht.<\/p>\t\t\t\t\t\t\t\t<\/div>\n\t\t\t\t<\/div>\n\t\t\t\t\t<\/div>\n\t\t<\/div>\n\t\t\t\t\t<\/div>\n\t\t<\/section>\n\t\t\t\t<section class=\"elementor-section elementor-top-section elementor-element elementor-element-c9c58e2 elementor-section-boxed elementor-section-height-default elementor-section-height-default\" data-id=\"c9c58e2\" data-element_type=\"section\" data-e-type=\"section\">\n\t\t\t\t\t\t<div class=\"elementor-container elementor-column-gap-default\">\n\t\t\t\t\t<div class=\"elementor-column elementor-col-100 elementor-top-column elementor-element elementor-element-2d5e54aa\" data-id=\"2d5e54aa\" data-element_type=\"column\" data-e-type=\"column\">\n\t\t\t<div class=\"elementor-widget-wrap elementor-element-populated\">\n\t\t\t\t\t\t<div class=\"elementor-element elementor-element-7350ea15 elementor-widget elementor-widget-heading\" data-id=\"7350ea15\" data-element_type=\"widget\" data-e-type=\"widget\" data-widget_type=\"heading.default\">\n\t\t\t\t<div class=\"elementor-widget-container\">\n\t\t\t\t\t<h4 class=\"elementor-heading-title elementor-size-default\">Mitglieder<\/h4>\t\t\t\t<\/div>\n\t\t\t\t<\/div>\n\t\t\t\t\t<\/div>\n\t\t<\/div>\n\t\t\t\t\t<\/div>\n\t\t<\/section>\n\t\t\t\t<section class=\"elementor-section elementor-top-section elementor-element elementor-element-638ec44b elementor-section-boxed elementor-section-height-default elementor-section-height-default\" data-id=\"638ec44b\" data-element_type=\"section\" data-e-type=\"section\">\n\t\t\t\t\t\t<div class=\"elementor-container elementor-column-gap-default\">\n\t\t\t\t\t<div class=\"elementor-column elementor-col-25 elementor-top-column elementor-element elementor-element-3040b797\" data-id=\"3040b797\" data-element_type=\"column\" data-e-type=\"column\">\n\t\t\t<div class=\"elementor-widget-wrap elementor-element-populated\">\n\t\t\t\t\t\t<div class=\"elementor-element elementor-element-5ead143c elementor-widget elementor-widget-image\" data-id=\"5ead143c\" data-element_type=\"widget\" data-e-type=\"widget\" data-widget_type=\"image.default\">\n\t\t\t\t<div class=\"elementor-widget-container\">\n\t\t\t\t\t\t\t\t\t\t\t\t\t\t\t<img decoding=\"async\" width=\"247\" height=\"247\" src=\"https:\/\/www.dainst.blog\/tana\/wp-content\/uploads\/sites\/15\/2020\/08\/Ralf-Bockmann.jpg\" class=\"attachment-large size-large wp-image-210\" alt=\"\" srcset=\"https:\/\/www.dainst.blog\/tana\/wp-content\/uploads\/sites\/15\/2020\/08\/Ralf-Bockmann.jpg 247w, https:\/\/www.dainst.blog\/tana\/wp-content\/uploads\/sites\/15\/2020\/08\/Ralf-Bockmann-150x150.jpg 150w\" sizes=\"(max-width: 247px) 100vw, 247px\" \/>\t\t\t\t\t\t\t\t\t\t\t\t\t\t\t<\/div>\n\t\t\t\t<\/div>\n\t\t\t\t\t<\/div>\n\t\t<\/div>\n\t\t\t\t<div class=\"elementor-column elementor-col-25 elementor-top-column elementor-element elementor-element-67d33eb0\" data-id=\"67d33eb0\" data-element_type=\"column\" data-e-type=\"column\">\n\t\t\t<div class=\"elementor-widget-wrap elementor-element-populated\">\n\t\t\t\t\t\t<div class=\"elementor-element elementor-element-66263e0d elementor-widget elementor-widget-text-editor\" data-id=\"66263e0d\" data-element_type=\"widget\" data-e-type=\"widget\" data-widget_type=\"text-editor.default\">\n\t\t\t\t<div class=\"elementor-widget-container\">\n\t\t\t\t\t\t\t\t\t<p><strong>Dr. Ralf Bockmann<\/strong><\/p><p>DAI Rom<\/p><p><em>ralf.bockmann@dainst.de<\/em><\/p>\t\t\t\t\t\t\t\t<\/div>\n\t\t\t\t<\/div>\n\t\t\t\t\t<\/div>\n\t\t<\/div>\n\t\t\t\t<div class=\"elementor-column elementor-col-25 elementor-top-column elementor-element elementor-element-3405b23\" data-id=\"3405b23\" data-element_type=\"column\" data-e-type=\"column\">\n\t\t\t<div class=\"elementor-widget-wrap elementor-element-populated\">\n\t\t\t\t\t\t<div class=\"elementor-element elementor-element-3df0f839 elementor-widget elementor-widget-image\" data-id=\"3df0f839\" data-element_type=\"widget\" data-e-type=\"widget\" data-widget_type=\"image.default\">\n\t\t\t\t<div class=\"elementor-widget-container\">\n\t\t\t\t\t\t\t\t\t\t\t\t\t\t\t<img loading=\"lazy\" decoding=\"async\" width=\"200\" height=\"200\" src=\"https:\/\/www.dainst.blog\/tana\/wp-content\/uploads\/sites\/15\/2020\/11\/hamden.ben_romdhane.jpg\" class=\"attachment-large size-large wp-image-441\" alt=\"\" srcset=\"https:\/\/www.dainst.blog\/tana\/wp-content\/uploads\/sites\/15\/2020\/11\/hamden.ben_romdhane.jpg 200w, https:\/\/www.dainst.blog\/tana\/wp-content\/uploads\/sites\/15\/2020\/11\/hamden.ben_romdhane-150x150.jpg 150w\" sizes=\"(max-width: 200px) 100vw, 200px\" \/>\t\t\t\t\t\t\t\t\t\t\t\t\t\t\t<\/div>\n\t\t\t\t<\/div>\n\t\t\t\t\t<\/div>\n\t\t<\/div>\n\t\t\t\t<div class=\"elementor-column elementor-col-25 elementor-top-column elementor-element elementor-element-7ddda71c\" data-id=\"7ddda71c\" data-element_type=\"column\" data-e-type=\"column\">\n\t\t\t<div class=\"elementor-widget-wrap elementor-element-populated\">\n\t\t\t\t\t\t<div class=\"elementor-element elementor-element-7554b4ef elementor-widget elementor-widget-text-editor\" data-id=\"7554b4ef\" data-element_type=\"widget\" data-e-type=\"widget\" data-widget_type=\"text-editor.default\">\n\t\t\t\t<div class=\"elementor-widget-container\">\n\t\t\t\t\t\t\t\t\t<p><strong>Dr. Hamden Ben Romdhane<\/strong><\/p><p>Institut National du Patrimoine <\/p><p><em>\u00a0hamdenbenromdhane@<br \/>topnet.tn<\/em><\/p>\t\t\t\t\t\t\t\t<\/div>\n\t\t\t\t<\/div>\n\t\t\t\t\t<\/div>\n\t\t<\/div>\n\t\t\t\t\t<\/div>\n\t\t<\/section>\n\t\t\t\t<section class=\"elementor-section elementor-top-section elementor-element elementor-element-2afff365 elementor-section-boxed elementor-section-height-default elementor-section-height-default\" data-id=\"2afff365\" data-element_type=\"section\" data-e-type=\"section\">\n\t\t\t\t\t\t<div class=\"elementor-container elementor-column-gap-default\">\n\t\t\t\t\t<div class=\"elementor-column elementor-col-100 elementor-top-column elementor-element elementor-element-4339498b\" data-id=\"4339498b\" data-element_type=\"column\" data-e-type=\"column\">\n\t\t\t<div class=\"elementor-widget-wrap elementor-element-populated\">\n\t\t\t\t\t\t<div class=\"elementor-element elementor-element-7a909297 elementor-widget elementor-widget-heading\" data-id=\"7a909297\" data-element_type=\"widget\" data-e-type=\"widget\" data-widget_type=\"heading.default\">\n\t\t\t\t<div class=\"elementor-widget-container\">\n\t\t\t\t\t<h4 class=\"elementor-heading-title elementor-size-default\">Abbildungen<\/h4>\t\t\t\t<\/div>\n\t\t\t\t<\/div>\n\t\t\t\t\t<\/div>\n\t\t<\/div>\n\t\t\t\t\t<\/div>\n\t\t<\/section>\n\t\t\t\t<section class=\"elementor-section elementor-top-section elementor-element elementor-element-707755a5 elementor-section-boxed elementor-section-height-default elementor-section-height-default\" data-id=\"707755a5\" data-element_type=\"section\" data-e-type=\"section\">\n\t\t\t\t\t\t<div class=\"elementor-container elementor-column-gap-default\">\n\t\t\t\t\t<div class=\"elementor-column elementor-col-100 elementor-top-column elementor-element elementor-element-2955a58\" data-id=\"2955a58\" data-element_type=\"column\" data-e-type=\"column\">\n\t\t\t<div class=\"elementor-widget-wrap elementor-element-populated\">\n\t\t\t\t\t\t<div class=\"elementor-element elementor-element-c9abd elementor-widget elementor-widget-text-editor\" data-id=\"c9abd\" data-element_type=\"widget\" data-e-type=\"widget\" data-widget_type=\"text-editor.default\">\n\t\t\t\t<div class=\"elementor-widget-container\">\n\t\t\t\t\t\t\t\t\t<p><strong>Fig. 1\u00a0\u00a0\u00a0\u00a0<\/strong>Vermessungsarbeiten am r\u00f6mischen Circus in Karthago, Tunesien [Foto von R. Bockmann].<\/p><p><strong>Fig. 2\u00a0\u00a0\u00a0\u00a0<\/strong>Plan der DAI Grabungen am r\u00f6mischen Circus in Karthago, Tunesien [Foto von I. Fumad\u00f3 Ortega].<\/p>\t\t\t\t\t\t\t\t<\/div>\n\t\t\t\t<\/div>\n\t\t\t\t\t<\/div>\n\t\t<\/div>\n\t\t\t\t\t<\/div>\n\t\t<\/section>\n\t\t\t\t<\/div>\n\t\t","protected":false},"excerpt":{"rendered":"<p>Der Circus von Karthago \u2013 Ein Monument und sein Quartier Fig. 1 | \u00a9 R. Bockmann Fig. 2 | \u00a9 I. Fumad\u00f3 Ortega Mit dem Grabungsprojekt am Circus wurde ein neues Kapitel der Karthagoforschung des DAI Rom aufgeschlagen. Bereits 1974 und 1984 wurden gr\u00f6\u00dfere Grabungsprojekte begonnen, die \u00fcber mehrere Jahre liefen und in den arch\u00e4ologischen [&hellip;]<\/p>\n","protected":false},"author":29,"featured_media":0,"parent":0,"menu_order":0,"comment_status":"closed","ping_status":"closed","template":"","meta":{"footnotes":""},"class_list":["post-435","page","type-page","status-publish","hentry"],"_links":{"self":[{"href":"https:\/\/www.dainst.blog\/tana\/wp-json\/wp\/v2\/pages\/435"}],"collection":[{"href":"https:\/\/www.dainst.blog\/tana\/wp-json\/wp\/v2\/pages"}],"about":[{"href":"https:\/\/www.dainst.blog\/tana\/wp-json\/wp\/v2\/types\/page"}],"author":[{"embeddable":true,"href":"https:\/\/www.dainst.blog\/tana\/wp-json\/wp\/v2\/users\/29"}],"replies":[{"embeddable":true,"href":"https:\/\/www.dainst.blog\/tana\/wp-json\/wp\/v2\/comments?post=435"}],"version-history":[{"count":5,"href":"https:\/\/www.dainst.blog\/tana\/wp-json\/wp\/v2\/pages\/435\/revisions"}],"predecessor-version":[{"id":448,"href":"https:\/\/www.dainst.blog\/tana\/wp-json\/wp\/v2\/pages\/435\/revisions\/448"}],"wp:attachment":[{"href":"https:\/\/www.dainst.blog\/tana\/wp-json\/wp\/v2\/media?parent=435"}],"curies":[{"name":"wp","href":"https:\/\/api.w.org\/{rel}","templated":true}]}}