{"id":445,"date":"2020-11-08T19:11:43","date_gmt":"2020-11-08T18:11:43","guid":{"rendered":"http:\/\/www.dainst.blog\/tana\/?page_id=445"},"modified":"2020-11-13T16:33:17","modified_gmt":"2020-11-13T15:33:17","slug":"the-circus-of-carthage","status":"publish","type":"page","link":"https:\/\/www.dainst.blog\/tana\/the-circus-of-carthage\/","title":{"rendered":"The Circus of Carthage"},"content":{"rendered":"\t\t<div data-elementor-type=\"wp-page\" data-elementor-id=\"445\" class=\"elementor elementor-445\">\n\t\t\t\t\t\t<section class=\"elementor-section elementor-top-section elementor-element elementor-element-19f5766 elementor-section-boxed elementor-section-height-default elementor-section-height-default\" data-id=\"19f5766\" data-element_type=\"section\" data-e-type=\"section\">\n\t\t\t\t\t\t<div class=\"elementor-container elementor-column-gap-default\">\n\t\t\t\t\t<div class=\"elementor-column elementor-col-100 elementor-top-column elementor-element elementor-element-5ba6bd8\" data-id=\"5ba6bd8\" data-element_type=\"column\" data-e-type=\"column\">\n\t\t\t<div class=\"elementor-widget-wrap elementor-element-populated\">\n\t\t\t\t\t\t<div class=\"elementor-element elementor-element-5a91a6a9 elementor-widget elementor-widget-heading\" data-id=\"5a91a6a9\" data-element_type=\"widget\" data-e-type=\"widget\" data-widget_type=\"heading.default\">\n\t\t\t\t<div class=\"elementor-widget-container\">\n\t\t\t\t\t<h2 class=\"elementor-heading-title elementor-size-default\">The Circus of Carthage \u2013 a monument and its quartier<\/h2>\t\t\t\t<\/div>\n\t\t\t\t<\/div>\n\t\t\t\t\t<\/div>\n\t\t<\/div>\n\t\t\t\t\t<\/div>\n\t\t<\/section>\n\t\t\t\t<section class=\"elementor-section elementor-top-section elementor-element elementor-element-2d13d85 elementor-section-boxed elementor-section-height-default elementor-section-height-default\" data-id=\"2d13d85\" data-element_type=\"section\" data-e-type=\"section\">\n\t\t\t\t\t\t<div class=\"elementor-container elementor-column-gap-default\">\n\t\t\t\t\t<div class=\"elementor-column elementor-col-50 elementor-top-column elementor-element elementor-element-58242ec\" data-id=\"58242ec\" data-element_type=\"column\" data-e-type=\"column\">\n\t\t\t<div class=\"elementor-widget-wrap elementor-element-populated\">\n\t\t\t\t\t\t<div class=\"elementor-element elementor-element-6b1e725 elementor-widget elementor-widget-image\" data-id=\"6b1e725\" data-element_type=\"widget\" data-e-type=\"widget\" data-widget_type=\"image.default\">\n\t\t\t\t<div class=\"elementor-widget-container\">\n\t\t\t\t\t\t\t\t\t\t\t\t<figure class=\"wp-caption\">\n\t\t\t\t\t\t\t\t\t\t<img fetchpriority=\"high\" decoding=\"async\" width=\"1024\" height=\"680\" src=\"https:\/\/www.dainst.blog\/tana\/wp-content\/uploads\/sites\/15\/2020\/11\/01_D-DAI-ROM-KAR-2016.0169_Vermessungsarbeiten-am-Circus-Foto-RBockmann-DAI-Rom-1-1024x680.jpg\" class=\"attachment-large size-large wp-image-439\" alt=\"\" srcset=\"https:\/\/www.dainst.blog\/tana\/wp-content\/uploads\/sites\/15\/2020\/11\/01_D-DAI-ROM-KAR-2016.0169_Vermessungsarbeiten-am-Circus-Foto-RBockmann-DAI-Rom-1-1024x680.jpg 1024w, https:\/\/www.dainst.blog\/tana\/wp-content\/uploads\/sites\/15\/2020\/11\/01_D-DAI-ROM-KAR-2016.0169_Vermessungsarbeiten-am-Circus-Foto-RBockmann-DAI-Rom-1-300x199.jpg 300w, https:\/\/www.dainst.blog\/tana\/wp-content\/uploads\/sites\/15\/2020\/11\/01_D-DAI-ROM-KAR-2016.0169_Vermessungsarbeiten-am-Circus-Foto-RBockmann-DAI-Rom-1-768x510.jpg 768w, https:\/\/www.dainst.blog\/tana\/wp-content\/uploads\/sites\/15\/2020\/11\/01_D-DAI-ROM-KAR-2016.0169_Vermessungsarbeiten-am-Circus-Foto-RBockmann-DAI-Rom-1-1536x1020.jpg 1536w, https:\/\/www.dainst.blog\/tana\/wp-content\/uploads\/sites\/15\/2020\/11\/01_D-DAI-ROM-KAR-2016.0169_Vermessungsarbeiten-am-Circus-Foto-RBockmann-DAI-Rom-1-2048x1360.jpg 2048w, https:\/\/www.dainst.blog\/tana\/wp-content\/uploads\/sites\/15\/2020\/11\/01_D-DAI-ROM-KAR-2016.0169_Vermessungsarbeiten-am-Circus-Foto-RBockmann-DAI-Rom-1-750x498.jpg 750w\" sizes=\"(max-width: 1024px) 100vw, 1024px\" \/>\t\t\t\t\t\t\t\t\t\t\t<figcaption class=\"widget-image-caption wp-caption-text\">Fig. 1 | \u00a9 R. Bockmann<\/figcaption>\n\t\t\t\t\t\t\t\t\t\t<\/figure>\n\t\t\t\t\t\t\t\t\t<\/div>\n\t\t\t\t<\/div>\n\t\t\t\t\t<\/div>\n\t\t<\/div>\n\t\t\t\t<div class=\"elementor-column elementor-col-50 elementor-top-column elementor-element elementor-element-5a3fe40\" data-id=\"5a3fe40\" data-element_type=\"column\" data-e-type=\"column\">\n\t\t\t<div class=\"elementor-widget-wrap elementor-element-populated\">\n\t\t\t\t\t\t<div class=\"elementor-element elementor-element-10b4552 elementor-widget elementor-widget-image\" data-id=\"10b4552\" data-element_type=\"widget\" data-e-type=\"widget\" data-widget_type=\"image.default\">\n\t\t\t\t<div class=\"elementor-widget-container\">\n\t\t\t\t\t\t\t\t\t\t\t\t<figure class=\"wp-caption\">\n\t\t\t\t\t\t\t\t\t\t<img decoding=\"async\" width=\"1024\" height=\"683\" src=\"https:\/\/www.dainst.blog\/tana\/wp-content\/uploads\/sites\/15\/2020\/11\/02_Bockmann-Sondagen-Ueberblick_1-1-1024x683.jpg\" class=\"attachment-large size-large wp-image-440\" alt=\"\" srcset=\"https:\/\/www.dainst.blog\/tana\/wp-content\/uploads\/sites\/15\/2020\/11\/02_Bockmann-Sondagen-Ueberblick_1-1-1024x683.jpg 1024w, https:\/\/www.dainst.blog\/tana\/wp-content\/uploads\/sites\/15\/2020\/11\/02_Bockmann-Sondagen-Ueberblick_1-1-300x200.jpg 300w, https:\/\/www.dainst.blog\/tana\/wp-content\/uploads\/sites\/15\/2020\/11\/02_Bockmann-Sondagen-Ueberblick_1-1-768x512.jpg 768w, https:\/\/www.dainst.blog\/tana\/wp-content\/uploads\/sites\/15\/2020\/11\/02_Bockmann-Sondagen-Ueberblick_1-1-1536x1024.jpg 1536w, https:\/\/www.dainst.blog\/tana\/wp-content\/uploads\/sites\/15\/2020\/11\/02_Bockmann-Sondagen-Ueberblick_1-1-2048x1365.jpg 2048w, https:\/\/www.dainst.blog\/tana\/wp-content\/uploads\/sites\/15\/2020\/11\/02_Bockmann-Sondagen-Ueberblick_1-1-750x500.jpg 750w\" sizes=\"(max-width: 1024px) 100vw, 1024px\" \/>\t\t\t\t\t\t\t\t\t\t\t<figcaption class=\"widget-image-caption wp-caption-text\">Fig. 2 | \u00a9 I. Fumad\u00f3 Ortega<\/figcaption>\n\t\t\t\t\t\t\t\t\t\t<\/figure>\n\t\t\t\t\t\t\t\t\t<\/div>\n\t\t\t\t<\/div>\n\t\t\t\t\t<\/div>\n\t\t<\/div>\n\t\t\t\t\t<\/div>\n\t\t<\/section>\n\t\t\t\t<section class=\"elementor-section elementor-top-section elementor-element elementor-element-56f13c7f elementor-section-boxed elementor-section-height-default elementor-section-height-default\" data-id=\"56f13c7f\" data-element_type=\"section\" data-e-type=\"section\">\n\t\t\t\t\t\t<div class=\"elementor-container elementor-column-gap-default\">\n\t\t\t\t\t<div class=\"elementor-column elementor-col-100 elementor-top-column elementor-element elementor-element-48d24aa2\" data-id=\"48d24aa2\" data-element_type=\"column\" data-e-type=\"column\">\n\t\t\t<div class=\"elementor-widget-wrap elementor-element-populated\">\n\t\t\t\t\t\t<div class=\"elementor-element elementor-element-73c8ebb6 elementor-widget elementor-widget-text-editor\" data-id=\"73c8ebb6\" data-element_type=\"widget\" data-e-type=\"widget\" data-widget_type=\"text-editor.default\">\n\t\t\t\t<div class=\"elementor-widget-container\">\n\t\t\t\t\t\t\t\t\t<p>The initiation of the excavation project at the circus of Carthage opened a new chapter for the DAI Rome and its research within the city. Extensive excavations, lasting for several years, took place as early as 1974 and 1984. The results can be seen today in the archaeological parks <em>Quartier Magon<\/em> and <em>Quartier Didon<\/em>.<\/p><p>Carthage was founded in the 9<sup>th<\/sup> century BCE and, starting the 5<sup>th<\/sup> century BCE, ruled over large parts of North Africa and the western Mediterranean. Numerous colonies, trading posts, and expeditions demonstrate the significance of the metropolis as one of the most important North African cities. The importance of the city, embodied as a center of political power and as a trade metropolis with a port located along the southern Mediterranean coast at the junction between east and west, enabled Carthage to maintain its status as one of the largest cities of the Mediterranean for as many as 1,500 years.<\/p><p>The Roman Circus of Carthage dominated the south-western district of the city. It was the largest building in Roman Carthage. Elsewhere its dimensions were only exceeded by the Circus Maximus in Rome. Having been one of the earliest buildings in Roman Carthage, it influenced the architecture of circuses built in other parts of Africa. It also had a significant influence on the south-western district of Carthage. It determined the urban development of an important part of the settlement on its south-western edge and had to be made accessible through streets, canals, and neighboring buildings.<\/p><p>The aim of the project is on the one hand to provide an overall reconstruction of the circus in time and space, ranging from its erection and development to its infrastructure and usage. On the other hand, it is to conduct a diachronic study of the urban development of its district, where it played an influential role. The district is located within the vicinity of the ancient coast line where the ports of the early and middle Punic city are presumed to have been. Outside the city limits are, at least during Roman time period, the necropoleis. How was the area used during Punic rule? How did the city limits shift over time? How was the area prepared for the establishment of the circus and used after its original purpose diminished? \u2013 These are just a few questions that will play a role in the scope of the project. Today, this is the only area of Carthage where it is possible to undergo a large-scale urban study spanning several eras within the archaeological zone of the UNESCO World Heritage Site.\u00a0<\/p><p>The project comprises a collaboration of young scientists with extensive experience in their field of specialty as well as in archaeological research in North Africa. Dr. Ralf Bockmann is responsible for the supervision of the project for the DAI Rome and Dr. Hamden Ben Romdhane for the INP Tunis, whereas the former focuses on the Roman time period and Late Antiquity, in particular Byzantine time period, and the latter the Roman phases. Scientific co-directors of the project are Dr. des. Frerich Sch\u00f6n from the University T\u00fcbingen and Dr. Iv\u00e1n Fumad\u00f3 Ortega. Frerich Sch\u00f6n, also responsible for covering the Roman time period, manages the field of archaeometry. Iv\u00e1n Fumad\u00f3 Ortega is the field director and responsible for handling the Punic phases. Further directing members of the excavation team are currently Dr. Stefano Cespa (Milan), Dr. Yamen Sghaier (INP Tunis), and Boutheina Maraoui (University of Tunis). The architect, Dr. Nicole R\u00f6ring from Bamberg, is responsible for the building survey and the reconstruction of the monument. The processing of the archaeological findings is supervised by Dr. Elyssa Jerray (Paris) and her team of experts.<\/p>\t\t\t\t\t\t\t\t<\/div>\n\t\t\t\t<\/div>\n\t\t\t\t\t<\/div>\n\t\t<\/div>\n\t\t\t\t\t<\/div>\n\t\t<\/section>\n\t\t\t\t<section class=\"elementor-section elementor-top-section elementor-element elementor-element-c9c58e2 elementor-section-boxed elementor-section-height-default elementor-section-height-default\" data-id=\"c9c58e2\" data-element_type=\"section\" data-e-type=\"section\">\n\t\t\t\t\t\t<div class=\"elementor-container elementor-column-gap-default\">\n\t\t\t\t\t<div class=\"elementor-column elementor-col-100 elementor-top-column elementor-element elementor-element-2d5e54aa\" data-id=\"2d5e54aa\" data-element_type=\"column\" data-e-type=\"column\">\n\t\t\t<div class=\"elementor-widget-wrap elementor-element-populated\">\n\t\t\t\t\t\t<div class=\"elementor-element elementor-element-7350ea15 elementor-widget elementor-widget-heading\" data-id=\"7350ea15\" data-element_type=\"widget\" data-e-type=\"widget\" data-widget_type=\"heading.default\">\n\t\t\t\t<div class=\"elementor-widget-container\">\n\t\t\t\t\t<h4 class=\"elementor-heading-title elementor-size-default\">Members<\/h4>\t\t\t\t<\/div>\n\t\t\t\t<\/div>\n\t\t\t\t\t<\/div>\n\t\t<\/div>\n\t\t\t\t\t<\/div>\n\t\t<\/section>\n\t\t\t\t<section class=\"elementor-section elementor-top-section elementor-element elementor-element-638ec44b elementor-section-boxed elementor-section-height-default elementor-section-height-default\" data-id=\"638ec44b\" data-element_type=\"section\" data-e-type=\"section\">\n\t\t\t\t\t\t<div class=\"elementor-container elementor-column-gap-default\">\n\t\t\t\t\t<div class=\"elementor-column elementor-col-25 elementor-top-column elementor-element elementor-element-3040b797\" data-id=\"3040b797\" data-element_type=\"column\" data-e-type=\"column\">\n\t\t\t<div class=\"elementor-widget-wrap elementor-element-populated\">\n\t\t\t\t\t\t<div class=\"elementor-element elementor-element-5ead143c elementor-widget elementor-widget-image\" data-id=\"5ead143c\" data-element_type=\"widget\" data-e-type=\"widget\" data-widget_type=\"image.default\">\n\t\t\t\t<div class=\"elementor-widget-container\">\n\t\t\t\t\t\t\t\t\t\t\t\t\t\t\t<img decoding=\"async\" width=\"247\" height=\"247\" src=\"https:\/\/www.dainst.blog\/tana\/wp-content\/uploads\/sites\/15\/2020\/08\/Ralf-Bockmann.jpg\" class=\"attachment-large size-large wp-image-210\" alt=\"\" srcset=\"https:\/\/www.dainst.blog\/tana\/wp-content\/uploads\/sites\/15\/2020\/08\/Ralf-Bockmann.jpg 247w, https:\/\/www.dainst.blog\/tana\/wp-content\/uploads\/sites\/15\/2020\/08\/Ralf-Bockmann-150x150.jpg 150w\" sizes=\"(max-width: 247px) 100vw, 247px\" \/>\t\t\t\t\t\t\t\t\t\t\t\t\t\t\t<\/div>\n\t\t\t\t<\/div>\n\t\t\t\t\t<\/div>\n\t\t<\/div>\n\t\t\t\t<div class=\"elementor-column elementor-col-25 elementor-top-column elementor-element elementor-element-67d33eb0\" data-id=\"67d33eb0\" data-element_type=\"column\" data-e-type=\"column\">\n\t\t\t<div class=\"elementor-widget-wrap elementor-element-populated\">\n\t\t\t\t\t\t<div class=\"elementor-element elementor-element-66263e0d elementor-widget elementor-widget-text-editor\" data-id=\"66263e0d\" data-element_type=\"widget\" data-e-type=\"widget\" data-widget_type=\"text-editor.default\">\n\t\t\t\t<div class=\"elementor-widget-container\">\n\t\t\t\t\t\t\t\t\t<p><strong>Dr. Ralf Bockmann<\/strong><\/p><p>DAI Rome<\/p><p><em>ralf.bockmann@dainst.de<\/em><\/p>\t\t\t\t\t\t\t\t<\/div>\n\t\t\t\t<\/div>\n\t\t\t\t\t<\/div>\n\t\t<\/div>\n\t\t\t\t<div class=\"elementor-column elementor-col-25 elementor-top-column elementor-element elementor-element-3405b23\" data-id=\"3405b23\" data-element_type=\"column\" data-e-type=\"column\">\n\t\t\t<div class=\"elementor-widget-wrap elementor-element-populated\">\n\t\t\t\t\t\t<div class=\"elementor-element elementor-element-3df0f839 elementor-widget elementor-widget-image\" data-id=\"3df0f839\" data-element_type=\"widget\" data-e-type=\"widget\" data-widget_type=\"image.default\">\n\t\t\t\t<div class=\"elementor-widget-container\">\n\t\t\t\t\t\t\t\t\t\t\t\t\t\t\t<img loading=\"lazy\" decoding=\"async\" width=\"200\" height=\"200\" src=\"https:\/\/www.dainst.blog\/tana\/wp-content\/uploads\/sites\/15\/2020\/11\/hamden.ben_romdhane.jpg\" class=\"attachment-large size-large wp-image-441\" alt=\"\" srcset=\"https:\/\/www.dainst.blog\/tana\/wp-content\/uploads\/sites\/15\/2020\/11\/hamden.ben_romdhane.jpg 200w, https:\/\/www.dainst.blog\/tana\/wp-content\/uploads\/sites\/15\/2020\/11\/hamden.ben_romdhane-150x150.jpg 150w\" sizes=\"(max-width: 200px) 100vw, 200px\" \/>\t\t\t\t\t\t\t\t\t\t\t\t\t\t\t<\/div>\n\t\t\t\t<\/div>\n\t\t\t\t\t<\/div>\n\t\t<\/div>\n\t\t\t\t<div class=\"elementor-column elementor-col-25 elementor-top-column elementor-element elementor-element-7ddda71c\" data-id=\"7ddda71c\" data-element_type=\"column\" data-e-type=\"column\">\n\t\t\t<div class=\"elementor-widget-wrap elementor-element-populated\">\n\t\t\t\t\t\t<div class=\"elementor-element elementor-element-7554b4ef elementor-widget elementor-widget-text-editor\" data-id=\"7554b4ef\" data-element_type=\"widget\" data-e-type=\"widget\" data-widget_type=\"text-editor.default\">\n\t\t\t\t<div class=\"elementor-widget-container\">\n\t\t\t\t\t\t\t\t\t<p><strong>Dr. Hamden Ben Romdhane<\/strong><\/p><p>Institut National du Patrimoine <\/p><p><em>\u00a0hamdenbenromdhane@<br \/>topnet.tn<\/em><\/p>\t\t\t\t\t\t\t\t<\/div>\n\t\t\t\t<\/div>\n\t\t\t\t\t<\/div>\n\t\t<\/div>\n\t\t\t\t\t<\/div>\n\t\t<\/section>\n\t\t\t\t<section class=\"elementor-section elementor-top-section elementor-element elementor-element-2afff365 elementor-section-boxed elementor-section-height-default elementor-section-height-default\" data-id=\"2afff365\" data-element_type=\"section\" data-e-type=\"section\">\n\t\t\t\t\t\t<div class=\"elementor-container elementor-column-gap-default\">\n\t\t\t\t\t<div class=\"elementor-column elementor-col-100 elementor-top-column elementor-element elementor-element-4339498b\" data-id=\"4339498b\" data-element_type=\"column\" data-e-type=\"column\">\n\t\t\t<div class=\"elementor-widget-wrap elementor-element-populated\">\n\t\t\t\t\t\t<div class=\"elementor-element elementor-element-7a909297 elementor-widget elementor-widget-heading\" data-id=\"7a909297\" data-element_type=\"widget\" data-e-type=\"widget\" data-widget_type=\"heading.default\">\n\t\t\t\t<div class=\"elementor-widget-container\">\n\t\t\t\t\t<h4 class=\"elementor-heading-title elementor-size-default\">Figure Captions<\/h4>\t\t\t\t<\/div>\n\t\t\t\t<\/div>\n\t\t\t\t\t<\/div>\n\t\t<\/div>\n\t\t\t\t\t<\/div>\n\t\t<\/section>\n\t\t\t\t<section class=\"elementor-section elementor-top-section elementor-element elementor-element-707755a5 elementor-section-boxed elementor-section-height-default elementor-section-height-default\" data-id=\"707755a5\" data-element_type=\"section\" data-e-type=\"section\">\n\t\t\t\t\t\t<div class=\"elementor-container elementor-column-gap-default\">\n\t\t\t\t\t<div class=\"elementor-column elementor-col-100 elementor-top-column elementor-element elementor-element-2955a58\" data-id=\"2955a58\" data-element_type=\"column\" data-e-type=\"column\">\n\t\t\t<div class=\"elementor-widget-wrap elementor-element-populated\">\n\t\t\t\t\t\t<div class=\"elementor-element elementor-element-c9abd elementor-widget elementor-widget-text-editor\" data-id=\"c9abd\" data-element_type=\"widget\" data-e-type=\"widget\" data-widget_type=\"text-editor.default\">\n\t\t\t\t<div class=\"elementor-widget-container\">\n\t\t\t\t\t\t\t\t\t<p><strong>Fig. 1\u00a0\u00a0\u00a0\u00a0<\/strong>Surveying work at the roman circus of Carthage, Tunisia [photo by R. Bockmann].<\/p><p><strong>Fig. 2\u00a0\u00a0\u00a0\u00a0<\/strong>Map of the DAI excavation of the roman circus of Carthage, Tunisia [photo by I. Fumad\u00f3 Ortega].<\/p>\t\t\t\t\t\t\t\t<\/div>\n\t\t\t\t<\/div>\n\t\t\t\t\t<\/div>\n\t\t<\/div>\n\t\t\t\t\t<\/div>\n\t\t<\/section>\n\t\t\t\t<\/div>\n\t\t","protected":false},"excerpt":{"rendered":"<p>The Circus of Carthage \u2013 a monument and its quartier Fig. 1 | \u00a9 R. Bockmann Fig. 2 | \u00a9 I. Fumad\u00f3 Ortega The initiation of the excavation project at the circus of Carthage opened a new chapter for the DAI Rome and its research within the city. Extensive excavations, lasting for several years, took [&hellip;]<\/p>\n","protected":false},"author":29,"featured_media":0,"parent":0,"menu_order":0,"comment_status":"closed","ping_status":"closed","template":"","meta":{"footnotes":""},"class_list":["post-445","page","type-page","status-publish","hentry"],"_links":{"self":[{"href":"https:\/\/www.dainst.blog\/tana\/wp-json\/wp\/v2\/pages\/445"}],"collection":[{"href":"https:\/\/www.dainst.blog\/tana\/wp-json\/wp\/v2\/pages"}],"about":[{"href":"https:\/\/www.dainst.blog\/tana\/wp-json\/wp\/v2\/types\/page"}],"author":[{"embeddable":true,"href":"https:\/\/www.dainst.blog\/tana\/wp-json\/wp\/v2\/users\/29"}],"replies":[{"embeddable":true,"href":"https:\/\/www.dainst.blog\/tana\/wp-json\/wp\/v2\/comments?post=445"}],"version-history":[{"count":3,"href":"https:\/\/www.dainst.blog\/tana\/wp-json\/wp\/v2\/pages\/445\/revisions"}],"predecessor-version":[{"id":523,"href":"https:\/\/www.dainst.blog\/tana\/wp-json\/wp\/v2\/pages\/445\/revisions\/523"}],"wp:attachment":[{"href":"https:\/\/www.dainst.blog\/tana\/wp-json\/wp\/v2\/media?parent=445"}],"curies":[{"name":"wp","href":"https:\/\/api.w.org\/{rel}","templated":true}]}}