{"id":454,"date":"2020-11-13T13:39:11","date_gmt":"2020-11-13T12:39:11","guid":{"rendered":"http:\/\/www.dainst.blog\/tana\/?page_id=454"},"modified":"2020-11-13T13:49:13","modified_gmt":"2020-11-13T12:49:13","slug":"simitthus-chimtou","status":"publish","type":"page","link":"https:\/\/www.dainst.blog\/tana\/de\/simitthus-chimtou\/","title":{"rendered":"Simitthus &#8211; Chimtou"},"content":{"rendered":"\t\t<div data-elementor-type=\"wp-page\" data-elementor-id=\"454\" class=\"elementor elementor-454\">\n\t\t\t\t\t\t<section class=\"elementor-section elementor-top-section elementor-element elementor-element-88a4267 elementor-section-boxed elementor-section-height-default elementor-section-height-default\" data-id=\"88a4267\" data-element_type=\"section\" data-e-type=\"section\">\n\t\t\t\t\t\t<div class=\"elementor-container elementor-column-gap-default\">\n\t\t\t\t\t<div class=\"elementor-column elementor-col-100 elementor-top-column elementor-element elementor-element-785af09\" data-id=\"785af09\" data-element_type=\"column\" data-e-type=\"column\">\n\t\t\t<div class=\"elementor-widget-wrap elementor-element-populated\">\n\t\t\t\t\t\t<div class=\"elementor-element elementor-element-a4a2139 elementor-widget elementor-widget-heading\" data-id=\"a4a2139\" data-element_type=\"widget\" data-e-type=\"widget\" data-widget_type=\"heading.default\">\n\t\t\t\t<div class=\"elementor-widget-container\">\n\t\t\t\t\t<h2 class=\"elementor-heading-title elementor-size-default\">Simitthus\/Chimtou. Die Stadt des \"Marmor Numidicum\"<\/h2>\t\t\t\t<\/div>\n\t\t\t\t<\/div>\n\t\t\t\t\t<\/div>\n\t\t<\/div>\n\t\t\t\t\t<\/div>\n\t\t<\/section>\n\t\t\t\t<section class=\"elementor-section elementor-top-section elementor-element elementor-element-31704a2f elementor-section-boxed elementor-section-height-default elementor-section-height-default\" data-id=\"31704a2f\" data-element_type=\"section\" data-e-type=\"section\">\n\t\t\t\t\t\t<div class=\"elementor-container elementor-column-gap-default\">\n\t\t\t\t\t<div class=\"elementor-column elementor-col-100 elementor-top-column elementor-element elementor-element-45f5be1e\" data-id=\"45f5be1e\" data-element_type=\"column\" data-e-type=\"column\">\n\t\t\t<div class=\"elementor-widget-wrap elementor-element-populated\">\n\t\t\t\t\t\t<div class=\"elementor-element elementor-element-65a4875e elementor-arrows-position-inside elementor-pagination-position-outside elementor-widget elementor-widget-image-carousel\" data-id=\"65a4875e\" data-element_type=\"widget\" data-e-type=\"widget\" data-settings=\"{&quot;navigation&quot;:&quot;both&quot;,&quot;autoplay&quot;:&quot;yes&quot;,&quot;pause_on_hover&quot;:&quot;yes&quot;,&quot;pause_on_interaction&quot;:&quot;yes&quot;,&quot;autoplay_speed&quot;:5000,&quot;infinite&quot;:&quot;yes&quot;,&quot;speed&quot;:500}\" data-widget_type=\"image-carousel.default\">\n\t\t\t\t<div class=\"elementor-widget-container\">\n\t\t\t\t\t\t\t<div class=\"elementor-image-carousel-wrapper swiper\" role=\"region\" aria-roledescription=\"carousel\" aria-label=\"Bild Karussell\" dir=\"ltr\">\n\t\t\t<div class=\"elementor-image-carousel swiper-wrapper\" aria-live=\"off\">\n\t\t\t\t\t\t\t\t<div class=\"swiper-slide\" role=\"group\" aria-roledescription=\"slide\" aria-label=\"1 von 5\"><figure class=\"swiper-slide-inner\"><img decoding=\"async\" class=\"swiper-slide-image\" src=\"https:\/\/www.dainst.blog\/tana\/wp-content\/uploads\/sites\/15\/2020\/11\/Abb.-1_1-1-1024x724.jpg\" alt=\"Fig. 1 | \u00a9 INP\" \/><figcaption class=\"elementor-image-carousel-caption\">Fig. 1 | \u00a9 INP<\/figcaption><\/figure><\/div><div class=\"swiper-slide\" role=\"group\" aria-roledescription=\"slide\" aria-label=\"2 von 5\"><figure class=\"swiper-slide-inner\"><img decoding=\"async\" class=\"swiper-slide-image\" src=\"https:\/\/www.dainst.blog\/tana\/wp-content\/uploads\/sites\/15\/2020\/11\/Abb.-2-1024x687.jpg\" alt=\"Fig. 2| \u00a9 J.-C. Golvin\" \/><figcaption class=\"elementor-image-carousel-caption\">Fig. 2| \u00a9 J.-C. Golvin<\/figcaption><\/figure><\/div><div class=\"swiper-slide\" role=\"group\" aria-roledescription=\"slide\" aria-label=\"3 von 5\"><figure class=\"swiper-slide-inner\"><img decoding=\"async\" class=\"swiper-slide-image\" src=\"https:\/\/www.dainst.blog\/tana\/wp-content\/uploads\/sites\/15\/2020\/11\/Abb.-3_1-1024x683.jpg\" alt=\"Fig. 3 | \u00a9 J. Linst\u00e4dter\" \/><figcaption class=\"elementor-image-carousel-caption\">Fig. 3 | \u00a9 J. Linst\u00e4dter<\/figcaption><\/figure><\/div><div class=\"swiper-slide\" role=\"group\" aria-roledescription=\"slide\" aria-label=\"4 von 5\"><figure class=\"swiper-slide-inner\"><img decoding=\"async\" class=\"swiper-slide-image\" src=\"https:\/\/www.dainst.blog\/tana\/wp-content\/uploads\/sites\/15\/2020\/11\/Abb.-4-1024x683.jpg\" alt=\"Fig. 4 | \u00a9 J. Linst\u00e4dter\" \/><figcaption class=\"elementor-image-carousel-caption\">Fig. 4 | \u00a9 J. Linst\u00e4dter<\/figcaption><\/figure><\/div><div class=\"swiper-slide\" role=\"group\" aria-roledescription=\"slide\" aria-label=\"5 von 5\"><figure class=\"swiper-slide-inner\"><img decoding=\"async\" class=\"swiper-slide-image\" src=\"https:\/\/www.dainst.blog\/tana\/wp-content\/uploads\/sites\/15\/2020\/11\/Abb.-5-1024x683.jpg\" alt=\"Fig. 5 | \u00a9 J. Linst\u00e4dter\" \/><figcaption class=\"elementor-image-carousel-caption\">Fig. 5 | \u00a9 J. Linst\u00e4dter<\/figcaption><\/figure><\/div>\t\t\t<\/div>\n\t\t\t\t\t\t\t\t\t\t\t\t<div class=\"elementor-swiper-button elementor-swiper-button-prev\" role=\"button\" tabindex=\"0\">\n\t\t\t\t\t\t<i aria-hidden=\"true\" class=\"eicon-chevron-left\"><\/i>\t\t\t\t\t<\/div>\n\t\t\t\t\t<div class=\"elementor-swiper-button elementor-swiper-button-next\" role=\"button\" tabindex=\"0\">\n\t\t\t\t\t\t<i aria-hidden=\"true\" class=\"eicon-chevron-right\"><\/i>\t\t\t\t\t<\/div>\n\t\t\t\t\n\t\t\t\t\t\t\t\t\t<div class=\"swiper-pagination\"><\/div>\n\t\t\t\t\t\t\t\t\t<\/div>\n\t\t\t\t\t\t<\/div>\n\t\t\t\t<\/div>\n\t\t\t\t\t<\/div>\n\t\t<\/div>\n\t\t\t\t\t<\/div>\n\t\t<\/section>\n\t\t\t\t<section class=\"elementor-section elementor-top-section elementor-element elementor-element-25d6ef28 elementor-section-boxed elementor-section-height-default elementor-section-height-default\" data-id=\"25d6ef28\" data-element_type=\"section\" data-e-type=\"section\">\n\t\t\t\t\t\t<div class=\"elementor-container elementor-column-gap-default\">\n\t\t\t\t\t<div class=\"elementor-column elementor-col-100 elementor-top-column elementor-element elementor-element-74691ffa\" data-id=\"74691ffa\" data-element_type=\"column\" data-e-type=\"column\">\n\t\t\t<div class=\"elementor-widget-wrap elementor-element-populated\">\n\t\t\t\t\t\t<div class=\"elementor-element elementor-element-4d158591 elementor-widget elementor-widget-text-editor\" data-id=\"4d158591\" data-element_type=\"widget\" data-e-type=\"widget\" data-widget_type=\"text-editor.default\">\n\t\t\t\t<div class=\"elementor-widget-container\">\n\t\t\t\t\t\t\t\t\t<p>Das antike <em>Simitthus <\/em>(Chimtou, Tunesien) liegt im Nordwesten Tunesiens nahe der algerischen Grenze an den Ufern des Flusses Medjerda und war mehr als 500 Jahre Teil der r\u00f6mischen Provinz <em>Africa Proconsularis<\/em>. Der bekannte und in der Antike hoch gesch\u00e4tzte <em>marmor Numidicum, <\/em>heutzutage auch als Giallo antico bezeichnet, wurde an der Bergzunge in Chimtou abgebaut und war bereits bei den Altgrabungen und vorausgehenden Projekten Ziel der Forschung, die seit 1965 gemeinsam vom tunesischen Landesdenkmalinstitut, Institut National du Patrimoine (INP), und dem Deutschen Arch\u00e4ologischen Institut (DAI) praktiziert wurden. Im Jahre 2009 griff man dieses Projekt erneut auf und fortan werden unter der Leitung von Philipp von Rummel (DAI), ehemals Mustapha Khanoussi (bis 2012) und Moheddine Chaouali (INP) neue Fragestellungen und die Verifizierung der Altgrabungen vorgenommen. Gegenw\u00e4rtige Arbeiten finden sowohl am Forum als auch am sog. Kaiserkultareal statt, einem m\u00f6glicherweise fr\u00fchkaiserzeitlichen Kaiserkulttempel, ferner konnte mithilfe von diversen geophysikalischen Untersuchungsmethoden und grundlegenden Vermesssungsarbeiten eine gro\u00dfe Menge neuer Daten zum Stadtplan und der Siedlungsgenese in ein GIS \u00fcberf\u00fchrt werden. Au\u00dferdem erweiterten neue Forschungen zu den Medjerda-Br\u00fccken, der Stadt und ihres Umlandes und einzelne Forschungsarbeiten von Mitarbeitern das Wissen \u00fcber die antike Stadt erheblich. Die aktuellen Arbeiten werden von aufwendigen Restaurierungsprozessen unter der Leitung von Jan Martin Klessing (Berlin) begleitet, in denen unter anderem das Tempelpodium des sog. Kaiserkulttempels sowie r\u00f6mische und fr\u00fcharabische H\u00e4user am Forum rekonstruiert werden.<\/p><p>Die Stadt <em>Simitthus <\/em>besitzt jedoch weit mehr als die Steinbr\u00fcche und aktuell bearbeiteten Bereiche und kann als eine der wenigen St\u00e4dte Nordafrikas \u00fcber einen Zeitraum von der Eisenzeit bis ins Mittelalter nachvollzogen werden. Die r\u00f6mische Stadt ist gepr\u00e4gt durch mehrere gro\u00dfe Tempel und Platzanlagen, ein r\u00f6misches Forum mit Ehrenbogen, Basilika und Nymph\u00e4um, einem szenischen Theater und einem Amphitheater, Thermenanlagen, einem ca. 14\u00a0km langen Aqu\u00e4dukt und einem in der gesamten antiken Welt einzigartigen Lagerkomplex, der zur administrativen Versorgung der Steinbrucharbeiten und zur Produktion von Marmorartefakten diente.<\/p><p>In den rezenten Ausgrabungen war es am Forum m\u00f6glich, mithilfe von C14- Datierungen die \u00e4ltesten Siedlungsschichten festzustellen, die ins 8. Jh. BCE zu datieren sind. Im Laufe des 2. Jhs. BCE zwischen dem 1. und 2. Punischen Krieg, dehnte der numidische K\u00f6nig Massinissa sein Territorium weit nach Osten in die sog. <em>Campi Magni<\/em>, die fruchtbaren Felder des Medjerdatals aus und eroberte die Region um <em>Simitthus <\/em>im Jahr 152 BCE Wohl unter seinem Sohn und Nachfolger Micipsa (148 \u2013 118 BCE) errichtete man auf dem Djebel Bourfifa das sog. H\u00f6henmonument als \u201eLandmarke\u201c, womit auch die erstmalige Verwendung des <em>marmor Numidicum <\/em>und seine Erschlie\u00dfung verbunden wird. <em>Simitthus <\/em>wurde im Jahre 46 BCE in die r\u00f6mische Provinz <em>Africa Nova<\/em> eingegliedert und erzielt unter Augustus des Status einer r\u00f6mischen Kolonie, womit die Stadt fortan den Namen <em>Colonia Iulia Augusta Numidica Simitthensium <\/em>trug. Nach ungef\u00e4hr 500 Jahren im R\u00f6mischen Imperium wurde die Region 439\u00a0CE ins vandalische K\u00f6nigreich \u00fcberf\u00fchrt, jedoch bereits ca. 100 Jahre sp\u00e4ter 533 CE unter Kaiser Justianian wieder ins \u00d6str\u00f6mische Reich integriert. In der 2. H\u00e4lfte des 7. Jhs. CE fiel die Region an die arabischen Truppen im Zuge der arabischen Invasion Nordafrikas. Die j\u00fcngsten arch\u00e4ologischen Nachweise in der Stadt werden ins 11. Jh. CE datiert.<\/p><p>Einen H\u00f6hepunkt in der Museumslandschaft Tunesiens stellt das 1996 er\u00f6ffnete Arch\u00e4ologische Museum Chimtou auf dem Ausgrabungsgel\u00e4nde dar. In diesem sind die bekanntesten und wichtigsten Artefakte der Stadt und ihres Umlandes ausgestellt. Das Spektrum der Exponate reicht von libyisch- punischen Stelen bis hin zu Weihalt\u00e4ren aus der Stadt, der bekannten Br\u00fcckeninschrift Trajans als auch einer Rekonstruktion des H\u00f6henmonuments vom Djebel Bourfifa anhand der geborgenen Bauteile.<\/p>\t\t\t\t\t\t\t\t<\/div>\n\t\t\t\t<\/div>\n\t\t\t\t\t<\/div>\n\t\t<\/div>\n\t\t\t\t\t<\/div>\n\t\t<\/section>\n\t\t\t\t<section class=\"elementor-section elementor-top-section elementor-element elementor-element-487073b2 elementor-section-boxed elementor-section-height-default elementor-section-height-default\" data-id=\"487073b2\" data-element_type=\"section\" data-e-type=\"section\">\n\t\t\t\t\t\t<div class=\"elementor-container elementor-column-gap-default\">\n\t\t\t\t\t<div class=\"elementor-column elementor-col-100 elementor-top-column elementor-element elementor-element-1f21fd33\" data-id=\"1f21fd33\" data-element_type=\"column\" data-e-type=\"column\">\n\t\t\t<div class=\"elementor-widget-wrap elementor-element-populated\">\n\t\t\t\t\t\t<div class=\"elementor-element elementor-element-54284f9a elementor-widget elementor-widget-heading\" data-id=\"54284f9a\" data-element_type=\"widget\" data-e-type=\"widget\" data-widget_type=\"heading.default\">\n\t\t\t\t<div class=\"elementor-widget-container\">\n\t\t\t\t\t<h4 class=\"elementor-heading-title elementor-size-default\">Mitglieder<\/h4>\t\t\t\t<\/div>\n\t\t\t\t<\/div>\n\t\t\t\t\t<\/div>\n\t\t<\/div>\n\t\t\t\t\t<\/div>\n\t\t<\/section>\n\t\t\t\t<section class=\"elementor-section elementor-top-section elementor-element elementor-element-316b6570 elementor-section-boxed elementor-section-height-default elementor-section-height-default\" data-id=\"316b6570\" data-element_type=\"section\" data-e-type=\"section\">\n\t\t\t\t\t\t<div class=\"elementor-container elementor-column-gap-default\">\n\t\t\t\t\t<div class=\"elementor-column elementor-col-25 elementor-top-column elementor-element elementor-element-1c8e91ce\" data-id=\"1c8e91ce\" data-element_type=\"column\" data-e-type=\"column\">\n\t\t\t<div class=\"elementor-widget-wrap elementor-element-populated\">\n\t\t\t\t\t\t<div class=\"elementor-element elementor-element-7ad8ecc3 elementor-widget elementor-widget-image\" data-id=\"7ad8ecc3\" data-element_type=\"widget\" data-e-type=\"widget\" data-widget_type=\"image.default\">\n\t\t\t\t<div class=\"elementor-widget-container\">\n\t\t\t\t\t\t\t\t\t\t\t\t\t\t\t<img fetchpriority=\"high\" decoding=\"async\" width=\"233\" height=\"232\" src=\"https:\/\/www.dainst.blog\/tana\/wp-content\/uploads\/sites\/15\/2020\/11\/16_Philipp_von_Rummel_1-1.jpg\" class=\"attachment-large size-large wp-image-466\" alt=\"\" srcset=\"https:\/\/www.dainst.blog\/tana\/wp-content\/uploads\/sites\/15\/2020\/11\/16_Philipp_von_Rummel_1-1.jpg 233w, https:\/\/www.dainst.blog\/tana\/wp-content\/uploads\/sites\/15\/2020\/11\/16_Philipp_von_Rummel_1-1-150x150.jpg 150w\" sizes=\"(max-width: 233px) 100vw, 233px\" \/>\t\t\t\t\t\t\t\t\t\t\t\t\t\t\t<\/div>\n\t\t\t\t<\/div>\n\t\t\t\t\t<\/div>\n\t\t<\/div>\n\t\t\t\t<div class=\"elementor-column elementor-col-25 elementor-top-column elementor-element elementor-element-56fb6f3c\" data-id=\"56fb6f3c\" data-element_type=\"column\" data-e-type=\"column\">\n\t\t\t<div class=\"elementor-widget-wrap elementor-element-populated\">\n\t\t\t\t\t\t<div class=\"elementor-element elementor-element-7aea629d elementor-widget elementor-widget-text-editor\" data-id=\"7aea629d\" data-element_type=\"widget\" data-e-type=\"widget\" data-widget_type=\"text-editor.default\">\n\t\t\t\t<div class=\"elementor-widget-container\">\n\t\t\t\t\t\t\t\t\t<p><strong>Dr. Philipp von Rummel<br \/><\/strong><\/p><p>DAI Zentrale<\/p><p><em>generalsekretaer@dainst.de<\/em><\/p><p><em>\u00a0<\/em><\/p>\t\t\t\t\t\t\t\t<\/div>\n\t\t\t\t<\/div>\n\t\t\t\t\t<\/div>\n\t\t<\/div>\n\t\t\t\t<div class=\"elementor-column elementor-col-25 elementor-top-column elementor-element elementor-element-7547c495\" data-id=\"7547c495\" data-element_type=\"column\" data-e-type=\"column\">\n\t\t\t<div class=\"elementor-widget-wrap elementor-element-populated\">\n\t\t\t\t\t\t<div class=\"elementor-element elementor-element-3ee3cc0f elementor-widget elementor-widget-image\" data-id=\"3ee3cc0f\" data-element_type=\"widget\" data-e-type=\"widget\" data-widget_type=\"image.default\">\n\t\t\t\t<div class=\"elementor-widget-container\">\n\t\t\t\t\t\t\t\t\t\t\t\t\t\t\t<img decoding=\"async\" width=\"1024\" height=\"1024\" src=\"https:\/\/www.dainst.blog\/tana\/wp-content\/uploads\/sites\/15\/2020\/11\/02_Dennis_Mario_Beck_1-1-1024x1024.jpg\" class=\"attachment-large size-large wp-image-467\" alt=\"\" srcset=\"https:\/\/www.dainst.blog\/tana\/wp-content\/uploads\/sites\/15\/2020\/11\/02_Dennis_Mario_Beck_1-1-1024x1024.jpg 1024w, https:\/\/www.dainst.blog\/tana\/wp-content\/uploads\/sites\/15\/2020\/11\/02_Dennis_Mario_Beck_1-1-300x300.jpg 300w, https:\/\/www.dainst.blog\/tana\/wp-content\/uploads\/sites\/15\/2020\/11\/02_Dennis_Mario_Beck_1-1-150x150.jpg 150w, https:\/\/www.dainst.blog\/tana\/wp-content\/uploads\/sites\/15\/2020\/11\/02_Dennis_Mario_Beck_1-1-768x768.jpg 768w, https:\/\/www.dainst.blog\/tana\/wp-content\/uploads\/sites\/15\/2020\/11\/02_Dennis_Mario_Beck_1-1-1536x1536.jpg 1536w, https:\/\/www.dainst.blog\/tana\/wp-content\/uploads\/sites\/15\/2020\/11\/02_Dennis_Mario_Beck_1-1-2048x2048.jpg 2048w, https:\/\/www.dainst.blog\/tana\/wp-content\/uploads\/sites\/15\/2020\/11\/02_Dennis_Mario_Beck_1-1-750x750.jpg 750w\" sizes=\"(max-width: 1024px) 100vw, 1024px\" \/>\t\t\t\t\t\t\t\t\t\t\t\t\t\t\t<\/div>\n\t\t\t\t<\/div>\n\t\t\t\t\t<\/div>\n\t\t<\/div>\n\t\t\t\t<div class=\"elementor-column elementor-col-25 elementor-top-column elementor-element elementor-element-79118da9\" data-id=\"79118da9\" data-element_type=\"column\" data-e-type=\"column\">\n\t\t\t<div class=\"elementor-widget-wrap elementor-element-populated\">\n\t\t\t\t\t\t<div class=\"elementor-element elementor-element-17608d54 elementor-widget elementor-widget-text-editor\" data-id=\"17608d54\" data-element_type=\"widget\" data-e-type=\"widget\" data-widget_type=\"text-editor.default\">\n\t\t\t\t<div class=\"elementor-widget-container\">\n\t\t\t\t\t\t\t\t\t<p><strong>Dennis Mario Beck<br \/><\/strong><\/p><p>Uni Bonn<\/p><p><em>dbeck@uni-bonn.de<\/em><\/p>\t\t\t\t\t\t\t\t<\/div>\n\t\t\t\t<\/div>\n\t\t\t\t\t<\/div>\n\t\t<\/div>\n\t\t\t\t\t<\/div>\n\t\t<\/section>\n\t\t\t\t<section class=\"elementor-section elementor-top-section elementor-element elementor-element-4a25bb95 elementor-section-boxed elementor-section-height-default elementor-section-height-default\" data-id=\"4a25bb95\" data-element_type=\"section\" data-e-type=\"section\">\n\t\t\t\t\t\t<div class=\"elementor-container elementor-column-gap-default\">\n\t\t\t\t\t<div class=\"elementor-column elementor-col-100 elementor-top-column elementor-element elementor-element-16e4019\" data-id=\"16e4019\" data-element_type=\"column\" data-e-type=\"column\">\n\t\t\t<div class=\"elementor-widget-wrap elementor-element-populated\">\n\t\t\t\t\t\t<div class=\"elementor-element elementor-element-37b09d95 elementor-widget elementor-widget-heading\" data-id=\"37b09d95\" data-element_type=\"widget\" data-e-type=\"widget\" data-widget_type=\"heading.default\">\n\t\t\t\t<div class=\"elementor-widget-container\">\n\t\t\t\t\t<h4 class=\"elementor-heading-title elementor-size-default\">Abbildungen<\/h4>\t\t\t\t<\/div>\n\t\t\t\t<\/div>\n\t\t\t\t\t<\/div>\n\t\t<\/div>\n\t\t\t\t\t<\/div>\n\t\t<\/section>\n\t\t\t\t<section class=\"elementor-section elementor-top-section elementor-element elementor-element-680cf5c5 elementor-section-boxed elementor-section-height-default elementor-section-height-default\" data-id=\"680cf5c5\" data-element_type=\"section\" data-e-type=\"section\">\n\t\t\t\t\t\t<div class=\"elementor-container elementor-column-gap-default\">\n\t\t\t\t\t<div class=\"elementor-column elementor-col-100 elementor-top-column elementor-element elementor-element-3fda5048\" data-id=\"3fda5048\" data-element_type=\"column\" data-e-type=\"column\">\n\t\t\t<div class=\"elementor-widget-wrap elementor-element-populated\">\n\t\t\t\t\t\t<div class=\"elementor-element elementor-element-4130ba0f elementor-widget elementor-widget-text-editor\" data-id=\"4130ba0f\" data-element_type=\"widget\" data-e-type=\"widget\" data-widget_type=\"text-editor.default\">\n\t\t\t\t<div class=\"elementor-widget-container\">\n\t\t\t\t\t\t\t\t\t<p><strong>Fig. 1\u00a0\u00a0\u00a0 <\/strong>Topografische Karte von Simitthus\/Chimtou [Karte von Institut national du Patrimoine (INP)].<\/p><p><strong>Fig. 2\u00a0\u00a0\u00a0\u00a0<\/strong>Rekonstruktionszeichnung des r\u00f6mischen Chimtou [Gem\u00e4lde von Jean-Claude Golvin].<\/p><p><strong>Fig. 3\u00a0\u00a0\u00a0\u00a0<\/strong>Hellenistisches H\u00f6henmonument und antikes Stadtzentrum von Chimtou [Foto von J. Linst\u00e4dter].<\/p><p><strong>Fig. 4\u00a0\u00a0\u00a0\u00a0<\/strong>Eisenzeitliche Nekropole unter r\u00f6mischenm Forum in Chimtou [Foto von J. Linst\u00e4dter].<\/p><p><strong>Fig. 5\u00a0<\/strong>\u00a0\u00a0 Ausbildung von Steinmetzen im Rahmen des Chimtou Projekts [Foto von J. Linst\u00e4dter].<\/p>\t\t\t\t\t\t\t\t<\/div>\n\t\t\t\t<\/div>\n\t\t\t\t\t<\/div>\n\t\t<\/div>\n\t\t\t\t\t<\/div>\n\t\t<\/section>\n\t\t\t\t<\/div>\n\t\t","protected":false},"excerpt":{"rendered":"<p>Simitthus\/Chimtou. Die Stadt des &#8222;Marmor Numidicum&#8220; Fig. 1 | \u00a9 INP Fig. 2| \u00a9 J.-C. Golvin Fig. 3 | \u00a9 J. Linst\u00e4dter Fig. 4 | \u00a9 J. Linst\u00e4dter Fig. 5 | \u00a9 J. Linst\u00e4dter Zur\u00fcck Weiter Das antike Simitthus (Chimtou, Tunesien) liegt im Nordwesten Tunesiens nahe der algerischen Grenze an den Ufern des Flusses Medjerda [&hellip;]<\/p>\n","protected":false},"author":29,"featured_media":0,"parent":0,"menu_order":0,"comment_status":"closed","ping_status":"closed","template":"","meta":{"footnotes":""},"class_list":["post-454","page","type-page","status-publish","hentry"],"_links":{"self":[{"href":"https:\/\/www.dainst.blog\/tana\/wp-json\/wp\/v2\/pages\/454"}],"collection":[{"href":"https:\/\/www.dainst.blog\/tana\/wp-json\/wp\/v2\/pages"}],"about":[{"href":"https:\/\/www.dainst.blog\/tana\/wp-json\/wp\/v2\/types\/page"}],"author":[{"embeddable":true,"href":"https:\/\/www.dainst.blog\/tana\/wp-json\/wp\/v2\/users\/29"}],"replies":[{"embeddable":true,"href":"https:\/\/www.dainst.blog\/tana\/wp-json\/wp\/v2\/comments?post=454"}],"version-history":[{"count":5,"href":"https:\/\/www.dainst.blog\/tana\/wp-json\/wp\/v2\/pages\/454\/revisions"}],"predecessor-version":[{"id":470,"href":"https:\/\/www.dainst.blog\/tana\/wp-json\/wp\/v2\/pages\/454\/revisions\/470"}],"wp:attachment":[{"href":"https:\/\/www.dainst.blog\/tana\/wp-json\/wp\/v2\/media?parent=454"}],"curies":[{"name":"wp","href":"https:\/\/api.w.org\/{rel}","templated":true}]}}