{"id":856,"date":"2021-02-14T14:58:56","date_gmt":"2021-02-14T13:58:56","guid":{"rendered":"http:\/\/www.dainst.blog\/tana\/?page_id=856"},"modified":"2021-02-14T15:04:06","modified_gmt":"2021-02-14T14:04:06","slug":"hinkel-archiv","status":"publish","type":"page","link":"https:\/\/www.dainst.blog\/tana\/de\/hinkel-archiv\/","title":{"rendered":"Hinkel-Archiv"},"content":{"rendered":"\t\t<div data-elementor-type=\"wp-page\" data-elementor-id=\"856\" class=\"elementor elementor-856\">\n\t\t\t\t\t\t<section class=\"elementor-section elementor-top-section elementor-element elementor-element-2424aaa6 elementor-section-boxed elementor-section-height-default elementor-section-height-default\" data-id=\"2424aaa6\" data-element_type=\"section\" data-e-type=\"section\">\n\t\t\t\t\t\t<div class=\"elementor-container elementor-column-gap-default\">\n\t\t\t\t\t<div class=\"elementor-column elementor-col-100 elementor-top-column elementor-element elementor-element-2a5a7ac9\" data-id=\"2a5a7ac9\" data-element_type=\"column\" data-e-type=\"column\">\n\t\t\t<div class=\"elementor-widget-wrap elementor-element-populated\">\n\t\t\t\t\t\t<div class=\"elementor-element elementor-element-330c64b9 elementor-widget elementor-widget-heading\" data-id=\"330c64b9\" data-element_type=\"widget\" data-e-type=\"widget\" data-widget_type=\"heading.default\">\n\t\t\t\t<div class=\"elementor-widget-container\">\n\t\t\t\t\t<h2 class=\"elementor-heading-title elementor-size-default\">Die Digitalisierung des Archivs von Friedrich W. Hinkel<\/h2>\t\t\t\t<\/div>\n\t\t\t\t<\/div>\n\t\t\t\t\t<\/div>\n\t\t<\/div>\n\t\t\t\t\t<\/div>\n\t\t<\/section>\n\t\t\t\t<section class=\"elementor-section elementor-top-section elementor-element elementor-element-f897ad6 elementor-section-boxed elementor-section-height-default elementor-section-height-default\" data-id=\"f897ad6\" data-element_type=\"section\" data-e-type=\"section\">\n\t\t\t\t\t\t<div class=\"elementor-container elementor-column-gap-default\">\n\t\t\t\t\t<div class=\"elementor-column elementor-col-100 elementor-top-column elementor-element elementor-element-7f4b329b\" data-id=\"7f4b329b\" data-element_type=\"column\" data-e-type=\"column\">\n\t\t\t<div class=\"elementor-widget-wrap elementor-element-populated\">\n\t\t\t\t\t\t<div class=\"elementor-element elementor-element-68bdf887 elementor-arrows-position-inside elementor-pagination-position-outside elementor-widget elementor-widget-image-carousel\" data-id=\"68bdf887\" data-element_type=\"widget\" data-e-type=\"widget\" data-settings=\"{&quot;navigation&quot;:&quot;both&quot;,&quot;autoplay&quot;:&quot;yes&quot;,&quot;pause_on_hover&quot;:&quot;yes&quot;,&quot;pause_on_interaction&quot;:&quot;yes&quot;,&quot;autoplay_speed&quot;:5000,&quot;infinite&quot;:&quot;yes&quot;,&quot;speed&quot;:500}\" data-widget_type=\"image-carousel.default\">\n\t\t\t\t<div class=\"elementor-widget-container\">\n\t\t\t\t\t\t\t<div class=\"elementor-image-carousel-wrapper swiper\" role=\"region\" aria-roledescription=\"carousel\" aria-label=\"Bild Karussell\" dir=\"ltr\">\n\t\t\t<div class=\"elementor-image-carousel swiper-wrapper\" aria-live=\"off\">\n\t\t\t\t\t\t\t\t<div class=\"swiper-slide\" role=\"group\" aria-roledescription=\"slide\" aria-label=\"1 von 3\"><figure class=\"swiper-slide-inner\"><img decoding=\"async\" class=\"swiper-slide-image\" src=\"https:\/\/www.dainst.blog\/tana\/wp-content\/uploads\/sites\/15\/2021\/02\/Hinkel-Archiv_Fig.-1.jpg\" alt=\"Fig. 1 | \u00a9 DAI\" \/><figcaption class=\"elementor-image-carousel-caption\">Fig. 1 | \u00a9 DAI<\/figcaption><\/figure><\/div><div class=\"swiper-slide\" role=\"group\" aria-roledescription=\"slide\" aria-label=\"2 von 3\"><figure class=\"swiper-slide-inner\"><img decoding=\"async\" class=\"swiper-slide-image\" src=\"https:\/\/www.dainst.blog\/tana\/wp-content\/uploads\/sites\/15\/2021\/02\/Hinkel-Archiv_Fig.-2-1024x1024.jpg\" alt=\"Fig. 2 | \u00a9 DAI\" \/><figcaption class=\"elementor-image-carousel-caption\">Fig. 2 | \u00a9 DAI<\/figcaption><\/figure><\/div><div class=\"swiper-slide\" role=\"group\" aria-roledescription=\"slide\" aria-label=\"3 von 3\"><figure class=\"swiper-slide-inner\"><img decoding=\"async\" class=\"swiper-slide-image\" src=\"https:\/\/www.dainst.blog\/tana\/wp-content\/uploads\/sites\/15\/2021\/02\/Hinkel-Archiv_Fig.-3.jpg\" alt=\"Fig. 3 | \u00a9 DAI\" \/><figcaption class=\"elementor-image-carousel-caption\">Fig. 3 | \u00a9 DAI<\/figcaption><\/figure><\/div>\t\t\t<\/div>\n\t\t\t\t\t\t\t\t\t\t\t\t<div class=\"elementor-swiper-button elementor-swiper-button-prev\" role=\"button\" tabindex=\"0\">\n\t\t\t\t\t\t<i aria-hidden=\"true\" class=\"eicon-chevron-left\"><\/i>\t\t\t\t\t<\/div>\n\t\t\t\t\t<div class=\"elementor-swiper-button elementor-swiper-button-next\" role=\"button\" tabindex=\"0\">\n\t\t\t\t\t\t<i aria-hidden=\"true\" class=\"eicon-chevron-right\"><\/i>\t\t\t\t\t<\/div>\n\t\t\t\t\n\t\t\t\t\t\t\t\t\t<div class=\"swiper-pagination\"><\/div>\n\t\t\t\t\t\t\t\t\t<\/div>\n\t\t\t\t\t\t<\/div>\n\t\t\t\t<\/div>\n\t\t\t\t\t<\/div>\n\t\t<\/div>\n\t\t\t\t\t<\/div>\n\t\t<\/section>\n\t\t\t\t<section class=\"elementor-section elementor-top-section elementor-element elementor-element-39b3ddca elementor-section-boxed elementor-section-height-default elementor-section-height-default\" data-id=\"39b3ddca\" data-element_type=\"section\" data-e-type=\"section\">\n\t\t\t\t\t\t<div class=\"elementor-container elementor-column-gap-default\">\n\t\t\t\t\t<div class=\"elementor-column elementor-col-100 elementor-top-column elementor-element elementor-element-4ebcd79f\" data-id=\"4ebcd79f\" data-element_type=\"column\" data-e-type=\"column\">\n\t\t\t<div class=\"elementor-widget-wrap elementor-element-populated\">\n\t\t\t\t\t\t<div class=\"elementor-element elementor-element-7135f4a9 elementor-widget elementor-widget-text-editor\" data-id=\"7135f4a9\" data-element_type=\"widget\" data-e-type=\"widget\" data-widget_type=\"text-editor.default\">\n\t\t\t\t<div class=\"elementor-widget-container\">\n\t\t\t\t\t\t\t\t\t<p>Das Archiv von Friedrich W. Hinkel (1925 \u2013 2007) ist weltweit das gr\u00f6\u00dfte privat-akkumulierte Forschungsarchiv mit einem Fokus auf den Kulturg\u00fctern des antiken und historischen Sudan. Das Archiv spiegelt die \u00fcber 40 Jahre w\u00e4hrende Grabungs- und Forschungst\u00e4tigkeit Dr. Hinkels im Sudan seit den fr\u00fchen 1960er wider, in deren Verlauf er nach einer Freistellung durch die Akademie der Wissenschaften der DDR ab 1962 zum Teil direkt f\u00fcr den Antikendienst des Landes t\u00e4tig war. Zu den gro\u00dfen Errungenschaften Hinkels geh\u00f6ren neben der Rettung der von der Flutung des Assuan-Staudamms bedrohten Tempel von Semna, Kumma, Buhen und Aksha auch die Ausgrabung des Tempelkomplexes M 250 und die gro\u00dfangelegten Restaurierungsma\u00dfnahmen an den Pyramiden von Meroe, die Dr. Hinkel bis zu seinem letzten Aufenthalt im Sudan im Jahr 2006 durchf\u00fchrte. Im Zuge seiner langj\u00e4hrigen T\u00e4tigkeit trug Friedrich W. Hinkel Informationen zu Tausenden von arch\u00e4ologischen St\u00e4tten im Sudan (inklusive des Gebiets der seit 2011 unabh\u00e4ngigen Republik S\u00fcdsudan) zusammen. Diese plante er in der in den 1970er Jahren von ihm ins Leben gerufenen Publikationsreihe \u201eThe Archaeological Map of the Sudan\u201c (kurz AMS) in ihrem topographischen Zusammenhang zu ver\u00f6ffentlichen. Aufgrund seiner Anstellung bei der sudanesischen Antikenbeh\u00f6rde (vormals Sudan Antiquities Service, heute National Corporation for Antiquities &amp; Museums, kurz NCAM) waren ihm dabei zum Teil Dokumente und St\u00e4tten zug\u00e4nglich, die anderen internationalen Wissenschaftler*innen verwehrt blieben.<\/p><p>Dank der gro\u00dfz\u00fcgigen F\u00f6rderung durch das Qatar Sudan Archaeological Project (09\/2014 bis 03\/2016) und das Ausw\u00e4rtige Amt (ab 04\/2016) war es m\u00f6glich, das umfangreiche Forschungsarchiv von Friedrich W. Hinkel f\u00fcr eine weitere wissenschaftliche Aufarbeitung erstmals in groben Z\u00fcgen zu erschlie\u00dfen und f\u00fcr eine zuk\u00fcnftige Nutzung digital zug\u00e4nglich zu machen. Die Digitalisierung des im Jahr 2009 der Zentrale des Deutschen Arch\u00e4ologischen Institutes \u00fcbergebenen Bestandes erfolgte durch das Deutsche Arch\u00e4ologische Institut in Kooperation mit dem CoDArchLab der Universit\u00e4t zu K\u00f6ln und der NCAM. Im Zuge des Digitalisierungsprojektes wurde ein Gro\u00dfteil des Bild- und Dokumentenbestandes des Archivs digitalisiert und in die Systeme der iDAI.welt integriert. Die hierbei erfassten Metadaten beruhen zum Gro\u00dfteil auf den Aufzeichnungen Friedrich Hinkels und stellen keine wissenschaftliche Auswertung des Materials da. Insgesamt wurden \u00fcber 34.000 Fotografien, ca. 12.000 Diapositive, 532 topographische Karten, \u00fcber 4000 Zeichnungen, ca. 20.000 Karteikarten sowie 288 wissenschaftliche Materialsammlungen in Form von Ordnern und Heften, in denen die wichtigsten Informationen geographisch gegliedert abgelegt wurden, digitalisiert. Das Ergebnis des im Dezember 2016 abgeschlossenen Digitalisierungsprojektes ist unter der URL <a href=\"https:\/\/arachne.dainst.org\/project\/hinkel\">https:\/\/arachne.dainst.org\/project\/hinkel<\/a> publiziert. Aus rechtlichen Gr\u00fcnden konnten jedoch nicht alle Teile des Bestandes digital wiedergegeben werden. Aufgrund des zum Teil sensiblen Informationsgehaltes der digitalisierten Materialien, sind s\u00e4mtliche Digitalisate des digitalen Hinkel-Archivs in Absprache mit NCAM nur nach vorheriger Anmeldung und Freischaltung durch das Friedrich-Hinkel-Forschungszentrum (Kontakt: hinkel-archiv@dainst.de) einsehbar.<\/p>\t\t\t\t\t\t\t\t<\/div>\n\t\t\t\t<\/div>\n\t\t\t\t\t<\/div>\n\t\t<\/div>\n\t\t\t\t\t<\/div>\n\t\t<\/section>\n\t\t\t\t<section class=\"elementor-section elementor-top-section elementor-element elementor-element-6dc84e87 elementor-section-boxed elementor-section-height-default elementor-section-height-default\" data-id=\"6dc84e87\" data-element_type=\"section\" data-e-type=\"section\">\n\t\t\t\t\t\t<div class=\"elementor-container elementor-column-gap-default\">\n\t\t\t\t\t<div class=\"elementor-column elementor-col-100 elementor-top-column elementor-element elementor-element-30f0fcb8\" data-id=\"30f0fcb8\" data-element_type=\"column\" data-e-type=\"column\">\n\t\t\t<div class=\"elementor-widget-wrap elementor-element-populated\">\n\t\t\t\t\t\t<div class=\"elementor-element elementor-element-567329d8 elementor-widget elementor-widget-heading\" data-id=\"567329d8\" data-element_type=\"widget\" data-e-type=\"widget\" data-widget_type=\"heading.default\">\n\t\t\t\t<div class=\"elementor-widget-container\">\n\t\t\t\t\t<h4 class=\"elementor-heading-title elementor-size-default\">Mitglieder<\/h4>\t\t\t\t<\/div>\n\t\t\t\t<\/div>\n\t\t\t\t\t<\/div>\n\t\t<\/div>\n\t\t\t\t\t<\/div>\n\t\t<\/section>\n\t\t\t\t<section class=\"elementor-section elementor-top-section elementor-element elementor-element-3924543 elementor-section-boxed elementor-section-height-default elementor-section-height-default\" data-id=\"3924543\" data-element_type=\"section\" data-e-type=\"section\">\n\t\t\t\t\t\t<div class=\"elementor-container elementor-column-gap-default\">\n\t\t\t\t\t<div class=\"elementor-column elementor-col-25 elementor-top-column elementor-element elementor-element-4306b72\" data-id=\"4306b72\" data-element_type=\"column\" data-e-type=\"column\">\n\t\t\t<div class=\"elementor-widget-wrap elementor-element-populated\">\n\t\t\t\t\t\t<div class=\"elementor-element elementor-element-e69966f elementor-widget elementor-widget-image\" data-id=\"e69966f\" data-element_type=\"widget\" data-e-type=\"widget\" data-widget_type=\"image.default\">\n\t\t\t\t<div class=\"elementor-widget-container\">\n\t\t\t\t\t\t\t\t\t\t\t\t\t\t\t<img fetchpriority=\"high\" decoding=\"async\" width=\"246\" height=\"246\" src=\"https:\/\/www.dainst.blog\/tana\/wp-content\/uploads\/sites\/15\/2021\/02\/Frederike-Fless.jpg\" class=\"attachment-large size-large wp-image-861\" alt=\"\" srcset=\"https:\/\/www.dainst.blog\/tana\/wp-content\/uploads\/sites\/15\/2021\/02\/Frederike-Fless.jpg 246w, https:\/\/www.dainst.blog\/tana\/wp-content\/uploads\/sites\/15\/2021\/02\/Frederike-Fless-150x150.jpg 150w\" sizes=\"(max-width: 246px) 100vw, 246px\" \/>\t\t\t\t\t\t\t\t\t\t\t\t\t\t\t<\/div>\n\t\t\t\t<\/div>\n\t\t\t\t\t<\/div>\n\t\t<\/div>\n\t\t\t\t<div class=\"elementor-column elementor-col-25 elementor-top-column elementor-element elementor-element-2c8695b\" data-id=\"2c8695b\" data-element_type=\"column\" data-e-type=\"column\">\n\t\t\t<div class=\"elementor-widget-wrap elementor-element-populated\">\n\t\t\t\t\t\t<div class=\"elementor-element elementor-element-aceb5e1 elementor-widget elementor-widget-text-editor\" data-id=\"aceb5e1\" data-element_type=\"widget\" data-e-type=\"widget\" data-widget_type=\"text-editor.default\">\n\t\t\t\t<div class=\"elementor-widget-container\">\n\t\t\t\t\t\t\t\t\t<p><strong>Prof. Dr. Dr. h.c. Friederike Fless <\/strong><\/p><p>DAI Zentrale | Pr\u00e4sidentin des Deutschen Arch\u00e4ologischen Instituts<\/p><p><em>praesidentin@dainst.de<\/em><\/p>\t\t\t\t\t\t\t\t<\/div>\n\t\t\t\t<\/div>\n\t\t\t\t\t<\/div>\n\t\t<\/div>\n\t\t\t\t<div class=\"elementor-column elementor-col-25 elementor-top-column elementor-element elementor-element-44eb0d3\" data-id=\"44eb0d3\" data-element_type=\"column\" data-e-type=\"column\">\n\t\t\t<div class=\"elementor-widget-wrap elementor-element-populated\">\n\t\t\t\t\t\t<div class=\"elementor-element elementor-element-9a7c665 elementor-widget elementor-widget-image\" data-id=\"9a7c665\" data-element_type=\"widget\" data-e-type=\"widget\" data-widget_type=\"image.default\">\n\t\t\t\t<div class=\"elementor-widget-container\">\n\t\t\t\t\t\t\t\t\t\t\t\t\t\t\t<img decoding=\"async\" width=\"228\" height=\"229\" src=\"https:\/\/www.dainst.blog\/tana\/wp-content\/uploads\/sites\/15\/2020\/08\/Reinhard-F\u00f6rtsch.jpg\" class=\"attachment-large size-large wp-image-211\" alt=\"\" srcset=\"https:\/\/www.dainst.blog\/tana\/wp-content\/uploads\/sites\/15\/2020\/08\/Reinhard-F\u00f6rtsch.jpg 228w, https:\/\/www.dainst.blog\/tana\/wp-content\/uploads\/sites\/15\/2020\/08\/Reinhard-F\u00f6rtsch-150x150.jpg 150w\" sizes=\"(max-width: 228px) 100vw, 228px\" \/>\t\t\t\t\t\t\t\t\t\t\t\t\t\t\t<\/div>\n\t\t\t\t<\/div>\n\t\t\t\t\t<\/div>\n\t\t<\/div>\n\t\t\t\t<div class=\"elementor-column elementor-col-25 elementor-top-column elementor-element elementor-element-803a2a4\" data-id=\"803a2a4\" data-element_type=\"column\" data-e-type=\"column\">\n\t\t\t<div class=\"elementor-widget-wrap elementor-element-populated\">\n\t\t\t\t\t\t<div class=\"elementor-element elementor-element-b569e51 elementor-widget elementor-widget-text-editor\" data-id=\"b569e51\" data-element_type=\"widget\" data-e-type=\"widget\" data-widget_type=\"text-editor.default\">\n\t\t\t\t<div class=\"elementor-widget-container\">\n\t\t\t\t\t\t\t\t\t<p><strong>Prof. Dr. Reinhard F\u00f6rtsch<br \/><\/strong><\/p><p>DAI Zentrale | IT Direktor<\/p><p><em>reinhard.foertsch@dainst.de<\/em><\/p>\t\t\t\t\t\t\t\t<\/div>\n\t\t\t\t<\/div>\n\t\t\t\t\t<\/div>\n\t\t<\/div>\n\t\t\t\t\t<\/div>\n\t\t<\/section>\n\t\t\t\t<section class=\"elementor-section elementor-top-section elementor-element elementor-element-24c1a447 elementor-section-boxed elementor-section-height-default elementor-section-height-default\" data-id=\"24c1a447\" data-element_type=\"section\" data-e-type=\"section\">\n\t\t\t\t\t\t<div class=\"elementor-container elementor-column-gap-default\">\n\t\t\t\t\t<div class=\"elementor-column elementor-col-25 elementor-top-column elementor-element elementor-element-250851d6\" data-id=\"250851d6\" data-element_type=\"column\" data-e-type=\"column\">\n\t\t\t<div class=\"elementor-widget-wrap elementor-element-populated\">\n\t\t\t\t\t\t<div class=\"elementor-element elementor-element-46fc82c4 elementor-widget elementor-widget-image\" data-id=\"46fc82c4\" data-element_type=\"widget\" data-e-type=\"widget\" data-widget_type=\"image.default\">\n\t\t\t\t<div class=\"elementor-widget-container\">\n\t\t\t\t\t\t\t\t\t\t\t\t\t\t\t<img decoding=\"async\" width=\"205\" height=\"206\" src=\"https:\/\/www.dainst.blog\/tana\/wp-content\/uploads\/sites\/15\/2020\/08\/Solveig-Lawrenz.jpg\" class=\"attachment-large size-large wp-image-215\" alt=\"\" srcset=\"https:\/\/www.dainst.blog\/tana\/wp-content\/uploads\/sites\/15\/2020\/08\/Solveig-Lawrenz.jpg 205w, https:\/\/www.dainst.blog\/tana\/wp-content\/uploads\/sites\/15\/2020\/08\/Solveig-Lawrenz-150x150.jpg 150w\" sizes=\"(max-width: 205px) 100vw, 205px\" \/>\t\t\t\t\t\t\t\t\t\t\t\t\t\t\t<\/div>\n\t\t\t\t<\/div>\n\t\t\t\t\t<\/div>\n\t\t<\/div>\n\t\t\t\t<div class=\"elementor-column elementor-col-25 elementor-top-column elementor-element elementor-element-272273e0\" data-id=\"272273e0\" data-element_type=\"column\" data-e-type=\"column\">\n\t\t\t<div class=\"elementor-widget-wrap elementor-element-populated\">\n\t\t\t\t\t\t<div class=\"elementor-element elementor-element-3c72025e elementor-widget elementor-widget-text-editor\" data-id=\"3c72025e\" data-element_type=\"widget\" data-e-type=\"widget\" data-widget_type=\"text-editor.default\">\n\t\t\t\t<div class=\"elementor-widget-container\">\n\t\t\t\t\t\t\t\t\t<p><strong>Solveig Lawrenz M.A.<br \/><\/strong><\/p><p>DAI Berlin | Hinkel-Digitalisierungsprojekt<\/p><p><em>solveig.lawrenz@dainst.de<\/em><\/p>\t\t\t\t\t\t\t\t<\/div>\n\t\t\t\t<\/div>\n\t\t\t\t\t<\/div>\n\t\t<\/div>\n\t\t\t\t<div class=\"elementor-column elementor-col-25 elementor-top-column elementor-element elementor-element-3853bf40\" data-id=\"3853bf40\" data-element_type=\"column\" data-e-type=\"column\">\n\t\t\t<div class=\"elementor-widget-wrap elementor-element-populated\">\n\t\t\t\t\t\t\t<\/div>\n\t\t<\/div>\n\t\t\t\t<div class=\"elementor-column elementor-col-25 elementor-top-column elementor-element elementor-element-2910f468\" data-id=\"2910f468\" data-element_type=\"column\" data-e-type=\"column\">\n\t\t\t<div class=\"elementor-widget-wrap elementor-element-populated\">\n\t\t\t\t\t\t\t<\/div>\n\t\t<\/div>\n\t\t\t\t\t<\/div>\n\t\t<\/section>\n\t\t\t\t<section class=\"elementor-section elementor-top-section elementor-element elementor-element-3ab09748 elementor-section-boxed elementor-section-height-default elementor-section-height-default\" data-id=\"3ab09748\" data-element_type=\"section\" data-e-type=\"section\">\n\t\t\t\t\t\t<div class=\"elementor-container elementor-column-gap-default\">\n\t\t\t\t\t<div class=\"elementor-column elementor-col-100 elementor-top-column elementor-element elementor-element-c5baee8\" data-id=\"c5baee8\" data-element_type=\"column\" data-e-type=\"column\">\n\t\t\t<div class=\"elementor-widget-wrap elementor-element-populated\">\n\t\t\t\t\t\t<div class=\"elementor-element elementor-element-7ba11075 elementor-widget elementor-widget-heading\" data-id=\"7ba11075\" data-element_type=\"widget\" data-e-type=\"widget\" data-widget_type=\"heading.default\">\n\t\t\t\t<div class=\"elementor-widget-container\">\n\t\t\t\t\t<h4 class=\"elementor-heading-title elementor-size-default\">Abbildungen<\/h4>\t\t\t\t<\/div>\n\t\t\t\t<\/div>\n\t\t\t\t\t<\/div>\n\t\t<\/div>\n\t\t\t\t\t<\/div>\n\t\t<\/section>\n\t\t\t\t<section class=\"elementor-section elementor-top-section elementor-element elementor-element-3ed3600d elementor-section-boxed elementor-section-height-default elementor-section-height-default\" data-id=\"3ed3600d\" data-element_type=\"section\" data-e-type=\"section\">\n\t\t\t\t\t\t<div class=\"elementor-container elementor-column-gap-default\">\n\t\t\t\t\t<div class=\"elementor-column elementor-col-100 elementor-top-column elementor-element elementor-element-66fdbe30\" data-id=\"66fdbe30\" data-element_type=\"column\" data-e-type=\"column\">\n\t\t\t<div class=\"elementor-widget-wrap elementor-element-populated\">\n\t\t\t\t\t\t<div class=\"elementor-element elementor-element-5b8e95bf elementor-widget elementor-widget-text-editor\" data-id=\"5b8e95bf\" data-element_type=\"widget\" data-e-type=\"widget\" data-widget_type=\"text-editor.default\">\n\t\t\t\t<div class=\"elementor-widget-container\">\n\t\t\t\t\t\t\t\t\t<p><strong>Fig. 1<\/strong> &nbsp;&nbsp; <br><\/p>\n<p><strong>Fig. 2<\/strong> &nbsp;&nbsp; <br><\/p>\n<p><strong>Fig. 3<\/strong> &nbsp;&nbsp;&nbsp;<\/p>\t\t\t\t\t\t\t\t<\/div>\n\t\t\t\t<\/div>\n\t\t\t\t\t<\/div>\n\t\t<\/div>\n\t\t\t\t\t<\/div>\n\t\t<\/section>\n\t\t\t\t<\/div>\n\t\t","protected":false},"excerpt":{"rendered":"<p>Die Digitalisierung des Archivs von Friedrich W. Hinkel Fig. 1 | \u00a9 DAI Fig. 2 | \u00a9 DAI Fig. 3 | \u00a9 DAI Zur\u00fcck Weiter Das Archiv von Friedrich W. Hinkel (1925 \u2013 2007) ist weltweit das gr\u00f6\u00dfte privat-akkumulierte Forschungsarchiv mit einem Fokus auf den Kulturg\u00fctern des antiken und historischen Sudan. Das Archiv spiegelt die [&hellip;]<\/p>\n","protected":false},"author":29,"featured_media":0,"parent":0,"menu_order":0,"comment_status":"closed","ping_status":"closed","template":"","meta":{"footnotes":""},"class_list":["post-856","page","type-page","status-publish","hentry"],"_links":{"self":[{"href":"https:\/\/www.dainst.blog\/tana\/wp-json\/wp\/v2\/pages\/856"}],"collection":[{"href":"https:\/\/www.dainst.blog\/tana\/wp-json\/wp\/v2\/pages"}],"about":[{"href":"https:\/\/www.dainst.blog\/tana\/wp-json\/wp\/v2\/types\/page"}],"author":[{"embeddable":true,"href":"https:\/\/www.dainst.blog\/tana\/wp-json\/wp\/v2\/users\/29"}],"replies":[{"embeddable":true,"href":"https:\/\/www.dainst.blog\/tana\/wp-json\/wp\/v2\/comments?post=856"}],"version-history":[{"count":7,"href":"https:\/\/www.dainst.blog\/tana\/wp-json\/wp\/v2\/pages\/856\/revisions"}],"predecessor-version":[{"id":870,"href":"https:\/\/www.dainst.blog\/tana\/wp-json\/wp\/v2\/pages\/856\/revisions\/870"}],"wp:attachment":[{"href":"https:\/\/www.dainst.blog\/tana\/wp-json\/wp\/v2\/media?parent=856"}],"curies":[{"name":"wp","href":"https:\/\/api.w.org\/{rel}","templated":true}]}}