{"id":133,"date":"2019-05-27T23:43:00","date_gmt":"2019-05-27T21:43:00","guid":{"rendered":"http:\/\/www.dainst.blog\/transpergmikro\/?page_id=133"},"modified":"2019-06-13T09:58:46","modified_gmt":"2019-06-13T07:58:46","slug":"pergamon-3d","status":"publish","type":"page","link":"https:\/\/www.dainst.blog\/transpergmikro\/pergamon-3d\/","title":{"rendered":"Pergamon 3D"},"content":{"rendered":"\n<p><strong>Pergamon 200 AD &#8211; A model of archaeological hypotheses<\/strong><\/p>\n\n\n\n<figure class=\"wp-block-embed-youtube wp-block-embed is-type-video is-provider-youtube wp-embed-aspect-16-9 wp-has-aspect-ratio\"><div class=\"wp-block-embed__wrapper\">\n<iframe title=\"Pergamon \u2013 200 AD\" width=\"640\" height=\"360\" src=\"https:\/\/www.youtube.com\/embed\/h3Q2tb4h0OY?feature=oembed\" frameborder=\"0\" allow=\"accelerometer; autoplay; clipboard-write; encrypted-media; gyroscope; picture-in-picture; web-share\" referrerpolicy=\"strict-origin-when-cross-origin\" allowfullscreen><\/iframe>\n<\/div><\/figure>\n\n\n<p><strong>Concept, animation, visualization and design<\/strong>:<\/p>\n<p style=\"padding-left: 40px\">Brandenburgische Technische Universit\u00e4t Cottbus-Senftenberg, Lehrstuhl Architektur und Visualisierung<\/p>\n<p><strong>Modeling<\/strong>:<\/p>\n<p style=\"padding-left: 40px\">Brandenburgische Technische Universit\u00e4t Cottbus-Senftenberg \u2013 Lehrstuhl Architektur und Visualisierung<\/p>\n<p style=\"padding-left: 40px\">Deutsches Arch\u00e4ologisches Institut \u2013 Pergamongrabung und Abteilung Istanbul<\/p>\n<p><strong>Archaeological data<\/strong>:<\/p>\n<p style=\"padding-left: 40px\">Deutsches Arch\u00e4ologisches Institut \u2013 Pergamongrabung und Abteilung Istanbul<\/p>\n<p style=\"padding-left: 40px\">Staatliche Museen Berlin \u2013 Antikensammlung, Universit\u00e4t Freiburg \u2013 Institut f\u00fcr Arch\u00e4ologische Wissenschaften<\/p>\n<p><strong>Mapping and surveying<\/strong>: Hochschule Karlsruhe \u2013 Institut f\u00fcr Geomatik<\/p>\n<p><\/p>\n<p>Created as part of the &#8220;Skulpturennetzwerk &#8211; Kontextualisierung und \u00dcbersetzung antiker Plastik&#8221; Berlin and the DFG Cluster of Excellence TOPOI &#8220;The Formation and Transformation of Space and Knowledge in Ancient Civilizations&#8221;.<\/p>\n<p>Supported by Bundesministerium f\u00fcr Bildung und Forschung<\/p>\n<p><\/p>\n<p>Thanks to:<\/p>\n<p>Kerstin L\u00f6hnert, Birgit Preu\u00df, Dr. Bj\u00f6rn Reder and Astrid Wei\u00df (Lehrstuhl Architektur und Visualisierung)<\/p>\n<p>Eric Laufer and Verena Stappmanns (Deutsches Arch\u00e4ologisches Institut Abteilung Istanbul)<\/p>\n<p>Dr. Volker K\u00e4stner (Antikensammlung der Staatlichen Museen Berlin)<\/p>\n<p>Univ.-Prof. Dr.-Ing. Klaus Rheidt (Lehrstuhl Baugeschichte BTU Cottbus-Senftenberg)<\/p>\n<p>and the numerous participating students of the BTU Cottbus-Senftenberg<\/p>\n<p><\/p>\n<p>\u00a9 2018 Univ.-Prof. Dipl.-Ing. Dominik Lengyel and Dipl.-Ing. Catherine Toulouse, Forschungsprojekt Darstellung von Unsch\u00e4rfe, <a href=\"https:\/\/www.b-tu.de\/fg-architektur-und-visualisierung\/\" target=\"_blank\" rel=\"noopener noreferrer\">Lehrstuhl Architektur und Visualisierung, Brandenburgische Technische Universit\u00e4t Cottbus-Senftenberg<\/a>&nbsp;<\/p>","protected":false},"excerpt":{"rendered":"<p>Pergamon 200 AD &#8211; A model of archaeological hypotheses Concept, animation, visualization and design: Brandenburgische Technische Universit\u00e4t Cottbus-Senftenberg, Lehrstuhl Architektur und Visualisierung Modeling: Brandenburgische&#8230;<\/p>\n","protected":false},"author":21,"featured_media":0,"parent":0,"menu_order":0,"comment_status":"closed","ping_status":"closed","template":"","meta":{"footnotes":""},"class_list":["post-133","page","type-page","status-publish","hentry"],"_links":{"self":[{"href":"https:\/\/www.dainst.blog\/transpergmikro\/wp-json\/wp\/v2\/pages\/133"}],"collection":[{"href":"https:\/\/www.dainst.blog\/transpergmikro\/wp-json\/wp\/v2\/pages"}],"about":[{"href":"https:\/\/www.dainst.blog\/transpergmikro\/wp-json\/wp\/v2\/types\/page"}],"author":[{"embeddable":true,"href":"https:\/\/www.dainst.blog\/transpergmikro\/wp-json\/wp\/v2\/users\/21"}],"replies":[{"embeddable":true,"href":"https:\/\/www.dainst.blog\/transpergmikro\/wp-json\/wp\/v2\/comments?post=133"}],"version-history":[{"count":7,"href":"https:\/\/www.dainst.blog\/transpergmikro\/wp-json\/wp\/v2\/pages\/133\/revisions"}],"predecessor-version":[{"id":273,"href":"https:\/\/www.dainst.blog\/transpergmikro\/wp-json\/wp\/v2\/pages\/133\/revisions\/273"}],"wp:attachment":[{"href":"https:\/\/www.dainst.blog\/transpergmikro\/wp-json\/wp\/v2\/media?parent=133"}],"curies":[{"name":"wp","href":"https:\/\/api.w.org\/{rel}","templated":true}]}}