{"id":976,"date":"2021-01-27T10:33:36","date_gmt":"2021-01-27T09:33:36","guid":{"rendered":"http:\/\/www.dainst.blog\/transpergmikro\/?page_id=976"},"modified":"2024-10-23T14:53:11","modified_gmt":"2024-10-23T12:53:11","slug":"media","status":"publish","type":"page","link":"https:\/\/www.dainst.blog\/transpergmikro\/media\/","title":{"rendered":"Media"},"content":{"rendered":"\n<hr class=\"wp-block-separator has-css-opacity is-style-wide\" \/>\n\n\n<h4>Bergama&#8217;daki y\u00fczey ara\u015ft\u0131rmalar\u0131nda yakla\u015f\u0131k 4 bin 500 y\u0131ll\u0131k tanr\u0131\u00e7a fig\u00fcr\u00fc bulundu<\/h4>\n<p>\u0130zmir&#8217;in Bergama il\u00e7esindeki Pergamon Antik Kenti&#8217;nin hakimiyet alan\u0131nda yer alan Bak\u0131r\u00e7ay Ovas\u0131&#8217;nda y\u00fcr\u00fct\u00fclen y\u00fczey ara\u015ft\u0131rmalar\u0131nda yakla\u015f\u0131k 4 bin 500 y\u0131ll\u0131k mermer tanr\u0131\u00e7a fig\u00fcr\u00fc bulundu.<\/p>\n<h4>4,500-year-old goddess figurine found during a survey in the Pergamon hinterland<\/h4>\n<p>A 4,500-year-old marble goddess figure was found during surveys conducted in the Bak\u0131r\u00e7ay Plain, which is located in the dominion of the ancient city of Pergamon in the Bergama district of \u0130zmir.<\/p>\n<p>Anadolu Ajans\u0131 | 20.10.2024 | <a href=\"https:\/\/www.aa.com.tr\/tr\/kultur\/bergamadaki-yuzey-arastirmalarinda-yaklasik-4-bin-500-yillik-tanrica-figuru-bulundu\/3368035\" target=\"_blank\" rel=\"noopener\">Bergama&#8217;daki y\u00fczey ara\u015ft\u0131rmalar\u0131nda yakla\u015f\u0131k 4 bin 500 y\u0131ll\u0131k tanr\u0131\u00e7a fig\u00fcr\u00fc bulundu<\/a><\/p>\n\n\n<hr class=\"wp-block-separator has-css-opacity is-style-wide\" \/>\n\n\n<h4>Pergamon Excavation&#8217;s &#8216;Open Door&#8217; Day<\/h4>\n<p><em>&#8220;The excavation house in Bergama opened its doors to history lovers and welcomed those who want to be a guest in the fascinating world of archaeology.&#8221;<\/em><\/p>\n<p>Egeli Gazete | 11.09.2024 | <a href=\"https:\/\/www.egeligazete.com\/haber\/binlerce-yillik-kulturel-mirasin-tanigi-bergama-daki-kazi-evi-kapilarini-tarih-severlere-acti\/187909\" target=\"_blank\" rel=\"noopener\">Pergamon Excavation&#8217;s &#8216;Open Door&#8217; Day<\/a><\/p>\n\n\n<hr class=\"wp-block-separator has-css-opacity is-style-wide\" \/>\n\n\n<h4>The Power of Pergamon<\/h4>\n<p>From their monumental capital, the Attalid Dynasty ruled a realm where both Greek and Anatolian culture flourished<\/p>\n<p>Archaeology Magazine | January\/February 2024 | <a href=\"https:\/\/www.archaeology.org\/issues\/535-2401\" target=\"_blank\" rel=\"noopener\">The Power of Pergamon<\/a><\/p>\n\n\n<hr class=\"wp-block-separator has-css-opacity is-style-wide\" \/>\n\n\n<h4>Ancient Rome Tried to Tame Nature in Pergamon, With Catastrophic Results<\/h4>\n<p>The ancient Romans loved naval reenactments on land and were masters of engineering. Excavations of Pergamon in Turkey show the results of short-term thinking \u2013 but also show human resilience in the aftermath<\/p>\n<p>Haaretz | 26 July 2023 | <a href=\"https:\/\/www.haaretz.com\/archaeology\/2023-07-26\/ty-article-magazine\/.highlight\/ancient-rome-tried-to-tame-nature-in-pergamon-with-catastrophic-results\/00000189-9150-d5eb-abcb-f9d62ce70000\" target=\"_blank\" rel=\"noopener\">Ancient Rome Tried to Tame Nature in Pergamon, With Catastrophic Results<\/a><\/p>\n\n\n<hr class=\"wp-block-separator has-css-opacity is-style-wide\" \/>\n\n\n<h4>Alte Funde, neue Technologien. Wie moderne Methoden die arch\u00e4ologische Forschung in Pergamon (T\u00fcrkei) ver\u00e4ndern<\/h4>\n<p>Arch\u00e4ologie Weltweit | <a href=\"https:\/\/www.dainst.org\/-\/archaologie-digital-neue-technologien-neue-herausforderungen-neue-antworten?redirect=%2Fdai%2Fmeldungen\" target=\"_blank\" rel=\"noopener\">Alte Funde, neue Technologien. Wie moderne Methoden die arch\u00e4ologische Forschung in Pergamon (T\u00fcrkei) ver\u00e4ndern<\/a><\/p>\n<p>Scinexx | 14 July 2023 | <a href=\"https:\/\/www.scinexx.de\/dossier\/alte-funde-neue-technologien\/\" target=\"_blank\" rel=\"noopener\">Alte Funde, neue Technologien. Wie moderne Methoden die arch\u00e4ologische Forschung in Pergamon (T\u00fcrkei) ver\u00e4ndern<\/a><\/p>\n\n\n<hr class=\"wp-block-separator has-css-opacity is-style-wide\" \/>\n\n\n<h4>Measuring Pergamon<\/h4>\n<p>clicKIT | 27 April 2023 | <a href=\"https:\/\/www.clickit-magazin.de\/von-alten-steinen-und-neuen-erfahrungen-die-vermessung-von-pergamon\/\" target=\"_blank\" rel=\"noopener\">Von alten Steinen und neuen Erfahrungen: Die Vermessung von Pergamon<\/a><\/p>\n\n\n<hr class=\"wp-block-separator has-css-opacity is-style-wide\" \/>\n\n\n<h4>Large Amphora Production Site Discovered in the Vicinity of Pergamon<\/h4>\n<p>Ege Telegraf | 22 April 2022 | <a href=\"https:\/\/www.egetelgraf.com\/bergamada-amfora-uretim-yeri-kesfedildi\/\" target=\"_blank\" rel=\"noopener\">Bergama\u2019da amfora \u00fcretim yeri ke\u015ffedildi<\/a><\/p>\n<p>Cumhuriyet | 22 April 2022 | <a href=\"https:\/\/www.cumhuriyet.com.tr\/galeri\/bergamada-amfora-uretim-yeri-kesfedildi-1928508\" target=\"_blank\" rel=\"noopener\">Bergama&#8217;da amfora \u00fcretim yeri ke\u015ffedildi<\/a><\/p>\n\n\n<hr class=\"wp-block-separator has-css-opacity is-style-wide\" \/>\n\n\n<h4>Rescue excavation changes history<\/h4>\n<p><strong>14,000-year-old settlement site discovered for the first time on Turkey\u2019s west coast<\/strong><\/p>\n<p>Tagesspiegel | 21 December 2021 | <a href=\"https:\/\/www.tagesspiegel.de\/wissen\/tuerkisch-deutsches-archaeologenteam-erste-funde-zu-jaegern-und-sammlern-an-der-tuerkischen-westkueste\/27900744.html\" target=\"_blank\" rel=\"noopener\">Erste Funde zu J\u00e4gern und Sammlern an der t\u00fcrkischen Westk\u00fcste<\/a><\/p>\n<p>Gazete Duvar | 06 December 2021 | <a href=\"https:\/\/www.gazeteduvar.com.tr\/14-bin-yil-oncesinden-kulturel-veriler-saglayacak-ballik-magarasi-haber-1544338\" target=\"_blank\" rel=\"noopener\">14 bin y\u0131l \u00f6ncesinden k\u00fclt\u00fcrel veriler sa\u011flayacak: Ball\u0131k Ma\u011faras\u0131<\/a><\/p>\n<p>The Jerusalem Post | 26 November 2021 | <a href=\"https:\/\/www.jpost.com\/archaeology\/settlement-dating-back-14000-years-discovered-in-turkey-687063\" target=\"_blank\" rel=\"noopener\">Archaeologists discover 14,000-year-old settlement in Turkey<\/a><\/p>\n<p>wissenschaft.de | 25 November 2021 | <a href=\"https:\/\/www.wissenschaft.de\/geschichte-archaeologie\/geheimnisvoller-hoehlen-fundort\/\" target=\"_blank\" rel=\"noopener\">Geheimnisvoller H\u00f6hlen-Fundort<\/a><\/p>\n<p>H\u00fcrriyet Daily News | 25 November 2021 | <a href=\"https:\/\/www.hurriyetdailynews.com\/human-traces-dating-back-14-000-years-found-in-izmir-169601\" target=\"_blank\" rel=\"noopener\">Human traces dating back 14,000 years found in \u0130zmir<\/a><\/p>\n<p>Anadolu Ajans\u0131 | 23 November 2021 | <a href=\"https:\/\/www.aa.com.tr\/tr\/kultur-sanat\/izmirdeki-bir-magarada-14-bin-yil-oncesine-ait-insan-izleri-bulundu\/2428122\" target=\"_blank\" rel=\"noopener\">\u0130zmir&#8217;deki bir ma\u011farada 14 bin y\u0131l \u00f6ncesine ait insan izleri bulundu<\/a><\/p>\n\n\n<hr class=\"wp-block-separator has-css-opacity is-style-wide\" \/>\n\n\n<h4>Studies reveal eating habits of Pergamon people<\/h4>\n<p>H\u00fcrriyet Daily News | 26 November 2021 | <a href=\"https:\/\/www.hurriyetdailynews.com\/studies-reveal-eating-habits-of-pergamon-people-169632\" target=\"_blank\" rel=\"noopener\">Studies reveal eating habits of Pergamon people<\/a><\/p>\n<p>Anadolu Ajans\u0131 | 24 November 2021 | <a href=\"https:\/\/www.aa.com.tr\/en\/culture\/residents-of-ancient-city-of-pergamon-had-plant-based-diet-scientists\/2429418\" target=\"_blank\" rel=\"noopener\">Residents of ancient city of Pergamon had plant-based diet: Scientists<\/a><\/p>\n\n\n<hr class=\"wp-block-separator has-css-opacity is-style-wide\" \/>\n\n\n<h4>Inscribed seat blocks found in the Amphitheater of Pergamon<\/h4>\n<p>Archaeology Magazine | April 2022 | <a href=\"https:\/\/www.archaeology.org\/issues\/466-2205\/digs\/10485-digs-turkey-pergamon-amphitheater\" target=\"_blank\" rel=\"noopener\">Saving Seats<\/a><\/p>\n<p>National Geographic &#8211; Historia | 27 October 2021 | <a href=\"https:\/\/historia.nationalgeographic.com.es\/a\/encuentran-dos-asientos-vip-anfiteatro-romano-pergamo-turquia_17322\" target=\"_blank\" rel=\"noopener\">Encuentran dos asientos vip en el anfiteatro romano de P\u00e9rgamo<\/a><\/p>\n<p>Haaretz | 19 October 2021 | <a href=\"https:\/\/www.haaretz.com\/archaeology\/MAGAZINE-lukios-woz-ere-personalized-seats-found-in-pergamon-turkey-1.10307800\" target=\"_blank\" rel=\"noopener\">Lukios Woz &#8216;Ere: Personalized Seats Found in Pergamon Amphitheater in Turkey<\/a><\/p>\n<p>GEO | 07 October 2021 | <a href=\"https:\/\/www.geo.fr\/histoire\/des-sieges-vip-mis-au-jour-dans-les-ruines-dun-amphitheatre-romain-en-turquie-206616\" target=\"_blank\" rel=\"noopener\">Des &#8220;si\u00e8ges VIP&#8221; mis au jour dans les ruines d&#8217;un amphith\u00e9\u00e2tre romain en Turquie<\/a><\/p>\n<p>Smithsonian Magazine | 04 October 2021 | <a href=\"https:\/\/www.smithsonianmag.com\/smart-news\/inscribed-vip-seats-unearthed-at-roman-amphitheater-in-turkey-180978797\/\" target=\"_blank\" rel=\"noopener\">Inscribed VIP Seats Unearthed at Roman Amphitheater in Turkey<\/a><\/p>\n<p>Live Science | 30 September 2021 | <a href=\"https:\/\/www.livescience.com\/box-seats-at-roman-empire-arena\" target=\"_blank\" rel=\"noopener\">&#8216;Box seats&#8217; found at Roman Empire-era arena in Turkey<\/a><\/p>\n<p>KopalniaWiedzy.pl | 27 September 2021 | <a href=\"https:\/\/kopalniawiedzy.pl\/Pergamon-wykopaliska-strefa-VIP-prywatne-siedzenia-amfiteatr-teatr-Felix-Pirson-Ihsan-Yeneroglu,34272\" target=\"_blank\" rel=\"noopener\">Strefy VIP w staro\u017cytnym amfiteatrze w Pergamonie<\/a><\/p>\n<p>Onet | 27 September 2021 | <a href=\"https:\/\/www.onet.pl\/informacje\/kopalniawiedzypl\/strefy-vip-w-starozytnym-amfiteatrze-w-pergamonie\/ekmbh0e,30bc1058\" target=\"_blank\" rel=\"noopener\">Strefy VIP w staro\u017cytnym amfiteatrze w Pergamonie<\/a><\/p>\n<p>H\u00fcrriyet Daily News | 24 September 2021 | <a href=\"https:\/\/www.hurriyetdailynews.com\/exclusive-lodges-found-in-turkeys-colosseum-168085?fbclid=IwAR0hivjtopVfdV7YVQXmUyiHnIdAK8RaxDnEHh6BwaI8LeExvAOnyic52TQ\" target=\"_blank\" rel=\"noopener\">Exclusive lodges found in Turkey\u2019s \u2018Colosseum\u2019<\/a><\/p>\n<p>Anadolu Ajans\u0131 | 22 September 2021 | <a href=\"https:\/\/www.aa.com.tr\/tr\/kultur-sanat\/turkiyenin-kolezyumunda-seckinlere-ozel-1800-yillik-localar-bulundu\/2371664\" target=\"_blank\" rel=\"noopener\">&#8216;T\u00fcrkiye&#8217;nin kolezyumu&#8217;nda se\u00e7kinlere \u00f6zel 1800 y\u0131ll\u0131k localar bulundu<\/a><\/p>\n<p>Milliyet | 22 September 2021 | <a href=\"https:\/\/www.milliyet.com.tr\/galeri\/turkiyenin-kolezyumunda-seckinlere-ozel-1800-yillik-localar-bulundu-6603523\/7\" target=\"_blank\" rel=\"noopener\">&#8216;T\u00fcrkiye&#8217;nin kolezyumu&#8217;nda se\u00e7kinlere \u00f6zel 1800 y\u0131ll\u0131k localar bulundu<\/a><\/p>\n<p>TRT Haber | 22 September 2021 | <a href=\"https:\/\/www.trthaber.com\/haber\/kultur-sanat\/turkiyenin-kolezyumunda-1800-yillik-ozel-localar-bulundu-610802.html\" target=\"_blank\" rel=\"noopener\">&#8220;T\u00fcrkiye&#8217;nin kolezyumu&#8221;nda 1800 y\u0131ll\u0131k \u00f6zel localar bulundu<\/a><\/p>\n<p>NTV | 22 September 2021 | <a href=\"https:\/\/www.ntv.com.tr\/galeri\/sanat\/turkiyenin-kolezyumunda-seckinlere-ozel-1800-yillik-localar-bulundu,zBOxzsNWgUKaa-HS3S1Jvw\" target=\"_blank\" rel=\"noopener\">&#8216;T\u00fcrkiye&#8217;nin kolezyumu&#8217;nda se\u00e7kinlere \u00f6zel 1800 y\u0131ll\u0131k localar bulundu<\/a><\/p>\n<p>Haber Ekspres | 22 September 2021 | <a href=\"https:\/\/www.haberekspres.com.tr\/bergama-antik-kenti-nde-1800-yillik-localar-bulundu-video,2132.html\" target=\"_blank\" rel=\"noopener\">Bergama Antik Kenti&#8217;nde 1800 y\u0131ll\u0131k localar bulundu<\/a><\/p>\n<p>Star | 22 September 2021 | <a href=\"https:\/\/www.star.com.tr\/kultur-sanat\/turkiyenin-kolezyumunda-seckinlere-ozel-1800-yillik-localar-bulundu-haber-1654392\/\" target=\"_blank\" rel=\"noopener\">&#8221;T\u00fcrkiye&#8217;nin kolezyumu&#8221;nda se\u00e7kinlere \u00f6zel 1800 y\u0131ll\u0131k localar bulundu<\/a><\/p>\n\n\n<hr class=\"wp-block-separator has-css-opacity is-style-wide\" \/>\n\n\n<h4>Life in ancient Pergamon presented to international archaeological community<\/h4>\n<p>Newspaper article in H\u00fcrriyet Daily News | 27 May 2021<\/p>\n<p><a href=\"https:\/\/www.hurriyetdailynews.com\/life-in-ancient-pergamon-presented-to-intl-archaeological-community-165017\" target=\"_blank\" rel=\"noopener\">Life in ancient Pergamon presented to international archaeological community<\/a><\/p>\n\n\n<hr class=\"wp-block-separator has-css-opacity is-style-wide\" \/>\n\n\n<h4>G\u00fcncel Ara\u015ft\u0131rmalar I\u015f\u0131\u011f\u0131nda Pergamon Amfitiyatrosu<\/h4>\n<p>\u0130hsan Yenero\u011flu (TU Berlin, TransPergMikro Project)<\/p>\n<p>17 April 2021, 18:00 (17:00 CEST) | Bergama K\u00fclt\u00fcr Ve Sanat Vakf\u0131 (online)<\/p>\n\n\n<figure class=\"wp-block-embed is-type-video is-provider-youtube wp-block-embed-youtube wp-embed-aspect-16-9 wp-has-aspect-ratio\"><div class=\"wp-block-embed__wrapper\">\n<iframe title=\"&quot;G\u00fcncel Ara\u015ft\u0131rmalar I\u015f\u0131\u011f\u0131nda Pergamon Amfitiyatrosu&quot; \u0130hsan Yenero\u011flu 17.04.2021 (BERKSAV)\" width=\"640\" height=\"360\" src=\"https:\/\/www.youtube.com\/embed\/jLEYzZiTchg?feature=oembed\" frameborder=\"0\" allow=\"accelerometer; autoplay; clipboard-write; encrypted-media; gyroscope; picture-in-picture; web-share\" referrerpolicy=\"strict-origin-when-cross-origin\" allowfullscreen><\/iframe>\n<\/div><\/figure>\n\n\n\n<hr class=\"wp-block-separator has-css-opacity is-style-wide\" \/>\n\n\n<h4>Pandemics and Healing at Roman Pergamon<\/h4>\n<p>26 November 2020, 18:00 (16:00 CET) | DAI Istanbul (online)<\/p>\n\n\n<figure class=\"wp-block-embed is-type-video is-provider-youtube wp-block-embed-youtube wp-embed-aspect-16-9 wp-has-aspect-ratio\"><div class=\"wp-block-embed__wrapper\">\n<iframe title=\"Pandemies and Healing at Roman Pergamon\" width=\"640\" height=\"360\" src=\"https:\/\/www.youtube.com\/embed\/SIgB50H4tLs?feature=oembed\" frameborder=\"0\" allow=\"accelerometer; autoplay; clipboard-write; encrypted-media; gyroscope; picture-in-picture; web-share\" referrerpolicy=\"strict-origin-when-cross-origin\" allowfullscreen><\/iframe>\n<\/div><\/figure>\n\n\n<p><strong>Introduction<\/strong> (Prof. Dr. Felix Pirson, Istanbul)<\/p>\n<p><strong>Galen of Pergamon and the Antonine Plague<\/strong> (Dr. Murat Tozan, Izmir)<\/p>\n<p><strong>The Sanctuary of Asklepios and its Spatial and Functional Relation with the City of Pergamon <\/strong>(Dr. Ulrich Mania, Istanbul)<\/p>\n<p><strong>Living and Dying at Pergamon: The Evidence of the Human Remains <\/strong>(Prof. Dr. Wolf-R\u00fcdiger Teegen, M\u00fcnchen)<\/p>\n<p><strong>Discussion<\/strong><\/p>","protected":false},"excerpt":{"rendered":"<p>Bergama&#8217;daki y\u00fczey ara\u015ft\u0131rmalar\u0131nda yakla\u015f\u0131k 4 bin 500 y\u0131ll\u0131k tanr\u0131\u00e7a fig\u00fcr\u00fc bulundu \u0130zmir&#8217;in Bergama il\u00e7esindeki Pergamon Antik Kenti&#8217;nin hakimiyet alan\u0131nda yer alan Bak\u0131r\u00e7ay Ovas\u0131&#8217;nda y\u00fcr\u00fct\u00fclen&#8230;<\/p>\n","protected":false},"author":21,"featured_media":0,"parent":0,"menu_order":0,"comment_status":"closed","ping_status":"closed","template":"","meta":{"footnotes":""},"class_list":["post-976","page","type-page","status-publish","hentry"],"_links":{"self":[{"href":"https:\/\/www.dainst.blog\/transpergmikro\/wp-json\/wp\/v2\/pages\/976"}],"collection":[{"href":"https:\/\/www.dainst.blog\/transpergmikro\/wp-json\/wp\/v2\/pages"}],"about":[{"href":"https:\/\/www.dainst.blog\/transpergmikro\/wp-json\/wp\/v2\/types\/page"}],"author":[{"embeddable":true,"href":"https:\/\/www.dainst.blog\/transpergmikro\/wp-json\/wp\/v2\/users\/21"}],"replies":[{"embeddable":true,"href":"https:\/\/www.dainst.blog\/transpergmikro\/wp-json\/wp\/v2\/comments?post=976"}],"version-history":[{"count":40,"href":"https:\/\/www.dainst.blog\/transpergmikro\/wp-json\/wp\/v2\/pages\/976\/revisions"}],"predecessor-version":[{"id":2366,"href":"https:\/\/www.dainst.blog\/transpergmikro\/wp-json\/wp\/v2\/pages\/976\/revisions\/2366"}],"wp:attachment":[{"href":"https:\/\/www.dainst.blog\/transpergmikro\/wp-json\/wp\/v2\/media?parent=976"}],"curies":[{"name":"wp","href":"https:\/\/api.w.org\/{rel}","templated":true}]}}