{"id":624,"date":"2020-11-11T06:37:01","date_gmt":"2020-11-11T06:37:01","guid":{"rendered":"https:\/\/www.dainst.blog\/visual-narratives\/?page_id=624"},"modified":"2020-12-06T07:11:20","modified_gmt":"2020-12-06T07:11:20","slug":"yasal-uyari","status":"publish","type":"page","link":"https:\/\/www.dainst.blog\/visual-narratives\/tr\/yasal-uyari\/","title":{"rendered":"Yasal Uyar\u0131"},"content":{"rendered":"\n<p class=\"has-normal-font-size\">Visual Narritves https:\/\/www.dainst.blog\/visual-narratives\/ web sitesinin i\u00e7eri\u011fi:<\/p>\n\n\n\n<p>Deutsches Arch\u00e4ologisches Institut<br>( Istanbul \u015eubesi temsili ile)<br>Podbielskiallee 69-71<br>14195 Berlin<br>Germany<\/p>\n\n\n\n<p>Tel.: +49-(0)30-187711-0<\/p>\n\n\n\n<p>Alman Arkeoloji Enstit\u00fcs\u00fc, Prof. Dr. Dr. H. c. Friederike Fless ba\u015fkanl\u0131\u011f\u0131nda, federal bir ara\u015ft\u0131rma tesisidir ve D\u0131\u015fi\u015fleri Bakanl\u0131\u011f\u0131&#8217;na ba\u011fl\u0131d\u0131r.<\/p>\n\n\n\n<p><strong>Sorumluluk Reddi<\/strong><br>Alman Arkeoloji Enstit\u00fcs\u00fc, web sitesinin i\u00e7eri\u011finin her zaman g\u00fcncel, do\u011fru ve eksiksiz olmas\u0131n\u0131 sa\u011flamak i\u00e7in \u00e7aba g\u00f6stermektedir. Yine de bir tak\u0131m hatalar meydana gelebilir. Hatalar kas\u0131tl\u0131 olarak veya a\u011f\u0131r ihmal nedeniyle yap\u0131lmad\u0131k\u00e7a, Alman Arkeoloji Enstit\u00fcs\u00fc web i\u00e7eri\u011finde sa\u011flanan bilgilerin g\u00fcncelli\u011fi, i\u00e7eri\u011finin do\u011frulu\u011fu veya eksiksizli\u011fi konusunda hi\u00e7bir sorumluluk kabul etmez. Bu, web sitesinin kullan\u0131m\u0131ndan dolay\u0131 \u00fc\u00e7\u00fcnc\u00fc \u015fah\u0131slar\u0131n verdi\u011fi maddi veya maddi olmayan zararlarla ilgilidir. Teklifler de\u011fi\u015ftirilebilir ve ba\u011flay\u0131c\u0131 de\u011fildir. Alman Arkeoloji Enstit\u00fcs\u00fc \u00f6nceden haber vermeksizin sayfalar\u0131n bir k\u0131sm\u0131n\u0131 veya t\u00fcm web sitesini de\u011fi\u015ftirme, ekleme veya silme veya yay\u0131n\u0131 ge\u00e7ici veya kal\u0131c\u0131 olarak durdurma hakk\u0131n\u0131 a\u00e7\u0131k\u00e7a sakl\u0131 tutar.<\/p>\n\n\n\n<p><strong>Telif Hakk\u0131<\/strong><br>Alman Arkeoloji Enstit\u00fcs\u00fc web sitesindeki i\u00e7erik, \u00f6zellikle metinler, resimler ve t\u00fcm multimedya unsurlar\u0131 ve multimedya i\u00e7eri\u011fi telif hakk\u0131 ile korunmaktad\u0131r. Her hakk\u0131 sakl\u0131d\u0131r.<br>Metinlerimizi web sitenize entegre etmek i\u00e7in l\u00fctfen bunu web sitemize bir ba\u011flant\u0131 yoluyla yap\u0131n. Alman Arkeoloji Enstit\u00fcs\u00fc&#8217;n\u00fcn a\u00e7\u0131k izni olmadan k\u0131smen bile olsa \u00f6zel s\u00fcre\u00e7ler (\u00f6rne\u011fin veri i\u015fleme, veri ta\u015f\u0131y\u0131c\u0131lar\u0131 ve veri a\u011flar\u0131) kullan\u0131larak fotomekanik \u00e7o\u011faltma, \u00e7o\u011faltma veya da\u011f\u0131t\u0131ma izin verilmez.<\/p>\n\n\n\n<p><strong>D\u0131\u015f Ba\u011flant\u0131lar<\/strong><br>Alman Arkeoloji Enstit\u00fcs\u00fc, kurumun sorumluluk alan\u0131 d\u0131\u015f\u0131nda olan harici web sitelerine (&#8220;hyperlinks&#8221;) do\u011frudan veya dolayl\u0131 at\u0131flar\u0131n, ba\u011flant\u0131lar\u0131n kuruldu\u011fu s\u0131rada ba\u011flant\u0131l\u0131 sayfalarda herhangi bir yasad\u0131\u015f\u0131 i\u00e7erik ortaya \u00e7\u0131karmad\u0131\u011f\u0131n\u0131 a\u00e7\u0131k\u00e7a beyan eder. Alman Arkeoloji Enstit\u00fcs\u00fc bunu kontrol etmek i\u00e7in makul ve teknik olarak m\u00fcmk\u00fcn olan t\u00fcm \u00e7abalar\u0131 \u00fcstlenir, ancak ba\u011flant\u0131l\u0131 sayfalar\u0131n mevcut ve gelecekteki tasar\u0131m\u0131, i\u00e7eri\u011fi veya yazarl\u0131\u011f\u0131 \u00fczerinde hi\u00e7bir etkisi yoktur. Bu nedenle, Alman Arkeoloji Enstit\u00fcs\u00fc, ba\u011flant\u0131 kurulduktan sonra de\u011fi\u015ftirilen t\u00fcm ba\u011flant\u0131l\u0131 sayfalar\u0131n t\u00fcm i\u00e7eri\u011finden a\u00e7\u0131k\u00e7a uzak durmaktad\u0131r. Bu beyan, kurumun kendi web sitesinde belirlenen t\u00fcm ba\u011flant\u0131lar ve referanslar\u0131n yan\u0131 s\u0131ra, konuk defterlerindeki, tart\u0131\u015fma forumlar\u0131ndaki, ba\u011flant\u0131 dizinlerindeki, posta listelerindeki ve i\u00e7eri\u011fi d\u0131\u015far\u0131dan yaz\u0131labilen t\u00fcm di\u011fer veri tabanlar\u0131ndaki \u00fc\u00e7\u00fcnc\u00fc taraf giri\u015fleri i\u00e7in ge\u00e7erlidir. Yasad\u0131\u015f\u0131, yanl\u0131\u015f veya eksik i\u00e7erik ve \u00f6zellikle bu \u015fekilde sunulan bilgilerin kullan\u0131lmas\u0131 veya kullan\u0131lmamas\u0131ndan kaynaklanan zararlar i\u00e7in, ilgili yay\u0131na ba\u011flant\u0131lar arac\u0131l\u0131\u011f\u0131yla yaln\u0131zca at\u0131fta bulunan ki\u015fi de\u011fil, yaln\u0131zca at\u0131fta bulunulan sayfan\u0131n sa\u011flay\u0131c\u0131s\u0131 sorumludur.<\/p>\n\n\n\n<p><strong>Yasal Etkinlik<\/strong><br>Bu sorumluluk reddi, Alman Arkeoloji Enstit\u00fcs\u00fc web sitesinin bir par\u00e7as\u0131d\u0131r. Bu metnin m\u00fcnferit form\u00fclasyonlar\u0131 veya b\u00f6l\u00fcmleri art\u0131k mevcut yasal duruma tam olarak uymuyorsa veya art\u0131k tam olarak uymuyorsa, bu beyannamenin geri kalan k\u0131s\u0131mlar\u0131 y\u00fcr\u00fcrl\u00fckte kal\u0131r.<\/p>\n\n\n\n<p>Alman Arkeoloji Enstit\u00fcs\u00fc, i\u00e7eri\u011fi \u015fikayet nedeni olan internet sayfalar\u0131na ba\u011flant\u0131lar sunarsa, Alman Arkeoloji Enstit\u00fcs\u00fc web sitesinin edit\u00f6r ekibini bilgilendirmenizi ister. L\u00fctfen kendi i\u00e7eri\u011finizin g\u00fcncel, eksiksiz veya hatas\u0131z olup olmad\u0131\u011f\u0131n\u0131 da bize bildirin.<\/p>\n\n\n\n<div class=\"wp-block-buttons is-layout-flex wp-block-buttons-is-layout-flex\">\n<div class=\"wp-block-button\"><a class=\"wp-block-button__link\" href=\"http:\/\/dainst.org\/impressum\" target=\"_blank\" rel=\"noreferrer noopener\">Daha Fazla Bilgi i\u00e7in<\/a><\/div>\n<\/div>\n\n\n\n<p><\/p>\n","protected":false},"excerpt":{"rendered":"<p>Visual Narritves https:\/\/www.dainst.blog\/visual-narratives\/ web sitesinin i\u00e7eri\u011fi: Deutsches Arch\u00e4ologisches Institut( Istanbul \u015eubesi temsili ile)Podbielskiallee 69-7114195 BerlinGermany Tel.: +49-(0)30-187711-0 Alman Arkeoloji Enstit\u00fcs\u00fc, Prof. Dr. Dr. H. c. Friederike Fless ba\u015fkanl\u0131\u011f\u0131nda, federal bir ara\u015ft\u0131rma tesisidir ve D\u0131\u015fi\u015fleri Bakanl\u0131\u011f\u0131&#8217;na ba\u011fl\u0131d\u0131r. Sorumluluk ReddiAlman Arkeoloji Enstit\u00fcs\u00fc, web sitesinin i\u00e7eri\u011finin her zaman g\u00fcncel, do\u011fru ve eksiksiz olmas\u0131n\u0131 sa\u011flamak i\u00e7in \u00e7aba g\u00f6stermektedir. Yine &hellip; <\/p>\n<p class=\"link-more\"><a href=\"https:\/\/www.dainst.blog\/visual-narratives\/tr\/yasal-uyari\/\" class=\"more-link\">Continue reading<span class=\"screen-reader-text\"> &#8220;Yasal Uyar\u0131&#8221;<\/span><\/a><\/p>\n","protected":false},"author":102,"featured_media":0,"parent":0,"menu_order":0,"comment_status":"closed","ping_status":"closed","template":"","meta":{"footnotes":""},"class_list":["post-624","page","type-page","status-publish","hentry"],"_links":{"self":[{"href":"https:\/\/www.dainst.blog\/visual-narratives\/wp-json\/wp\/v2\/pages\/624"}],"collection":[{"href":"https:\/\/www.dainst.blog\/visual-narratives\/wp-json\/wp\/v2\/pages"}],"about":[{"href":"https:\/\/www.dainst.blog\/visual-narratives\/wp-json\/wp\/v2\/types\/page"}],"author":[{"embeddable":true,"href":"https:\/\/www.dainst.blog\/visual-narratives\/wp-json\/wp\/v2\/users\/102"}],"replies":[{"embeddable":true,"href":"https:\/\/www.dainst.blog\/visual-narratives\/wp-json\/wp\/v2\/comments?post=624"}],"version-history":[{"count":3,"href":"https:\/\/www.dainst.blog\/visual-narratives\/wp-json\/wp\/v2\/pages\/624\/revisions"}],"predecessor-version":[{"id":1853,"href":"https:\/\/www.dainst.blog\/visual-narratives\/wp-json\/wp\/v2\/pages\/624\/revisions\/1853"}],"wp:attachment":[{"href":"https:\/\/www.dainst.blog\/visual-narratives\/wp-json\/wp\/v2\/media?parent=624"}],"curies":[{"name":"wp","href":"https:\/\/api.w.org\/{rel}","templated":true}]}}